{"id":11494,"date":"2026-01-29T09:28:49","date_gmt":"2026-01-29T09:28:49","guid":{"rendered":"https:\/\/cintl.org\/?post_type=opportunity&#038;p=11494"},"modified":"2026-01-29T09:28:50","modified_gmt":"2026-01-29T09:28:50","slug":"conseillere-ou-conseiller-en-plaidoyer","status":"publish","type":"opportunity","link":"https:\/\/crossboard.dev2.smartegy.ca\/fr\/opportunity\/conseillere-ou-conseiller-en-plaidoyer\/","title":{"rendered":"Conseill\u00e8re ou conseiller en plaidoyer"},"content":{"rendered":"<p><em><u>\u00a0<strong>***POUR APPLIQUER :\u00a0\u00catre domicili\u00e9 au S\u00e9n\u00e9gal et avoir la citoyennet\u00e9 d\u2019un pays africain autre que le pays o\u00f9 la personne est domicili\u00e9e OU \u00eatre citoyennet\u00e9 canadienne ou r\u00e9sident permanent \u00e9tant actuellement dans au S\u00e9n\u00e9gal .<\/strong><\/u><\/em><\/p>\n<p><em><u>*OPPORTUNIT\u00c9S OFFERTES PRIORITAIREMENT POUR LES CITOYEN-NE-S CANADIEN-NE-S ET R\u00c9SIDENT-E-S PERMANENT-E-S SE TROUVANT ACTUELLEMENT AU S\u00c9N\u00c9GAL\u00a0<\/u><\/em><\/p>\n<p><strong>Carrefour International\u00a0<\/strong>est une organisation de coop\u00e9ration internationale canadienne d\u2019importance qui travaille pour faire avancer l\u2019\u00e9galit\u00e9 pour les femmes et les filles et pour \u00e9liminer la pauvret\u00e9 dans certains des pays les plus pauvres du monde en Afrique o\u00f9 les femmes et les filles sont confront\u00e9es \u00e0 de grands d\u00e9fis : acc\u00e8s in\u00e9gal aux ressources et aux opportunit\u00e9s \u00e9conomiques, violence bas\u00e9e sur le genre et participation limit\u00e9e dans la vie politique et publique. Carrefour International travaille en partenariat avec des organisations locales dans 9 pays d\u2019Afrique subsaharienne, afin de tirer parti des comp\u00e9tences, de l\u2019expertise et des ressources, du Nord et du Sud, n\u00e9cessaires pour permettre aux personnes, en particulier aux femmes et aux filles, de r\u00e9duire la pauvret\u00e9 et d\u00e9fendre leurs droits.<\/p>\n<p>Carrefour International est un organisme de bienfaisance enregistr\u00e9 et soutenu par des bailleurs de fonds gouvernementaux et non gouvernementaux et de nombreux donateurs individuels \u00e0 travers le monde.<\/p>\n<p><strong>NOTRE VISION<\/strong><\/p>\n<p>UN MONDE o\u00f9 la pauvret\u00e9 est \u00e9limin\u00e9e, l\u2019\u00e9galit\u00e9 pr\u00e9vaut et les droits des femmes et des filles sont respect\u00e9s.<\/p>\n<p><strong>Description du projet et contexte\u00a0:<\/strong><\/p>\n<p>Le projet\u00a0<em>Ma Voix, Ma Sant\u00e9\u00a0: am\u00e9liorer la sant\u00e9 et les droits sexuels et reproductifs des adolescentes et adolescents du S\u00e9n\u00e9gal,\u00a0<\/em>\u00ab Baande am \u2013 cellal am \u00bb (Damcam) en langue locale peuhl, vise \u00e0 am\u00e9liorer l\u2019acc\u00e8s, la qualit\u00e9 et l\u2019utilisation des services en sant\u00e9 sexuelle et reproductive (SSR) pour les adolescentes et adolescents de la r\u00e9gion de K\u00e9dougou, une des plus pauvres du S\u00e9n\u00e9gal. Bas\u00e9 sur des droits humains fondamentaux, ce projet vise \u00e0 promouvoir le droit \u00e0 la sant\u00e9 sexuelle et reproductive, qui comprend\u00a0le droit des femmes \u00e0 disposer de leur corps et dont le respect implique de pouvoir acc\u00e9der \u00e0 des services de sant\u00e9 appropri\u00e9s. Or, dans la r\u00e9gion de K\u00e9dougou, plusieurs infrastructures sociales de base, dont les services de sant\u00e9, sont grandement d\u00e9ficitaires pour r\u00e9pondre aux besoins d\u2019une population install\u00e9e en zones isol\u00e9es et en forte augmentation. La situation est d\u2019autant plus alarmante pour les adolescentes puisque la moiti\u00e9 de la population de la r\u00e9gion de K\u00e9dougou a moins de 19 ans. Ce projet r\u00e9serve aussi une part importante aux droits en SSR afin de donner des outils n\u00e9cessaires aux adolescents, particuli\u00e8rement aux adolescentes de 10 \u00e0 19 ans, pour qu\u2019elles puissent se prot\u00e9ger contre la violence sexuelle et sexiste, les grossesses pr\u00e9coces, les mariages forc\u00e9s et pr\u00e9coces, les cas d\u2019abus sexuels et la transmission d\u2019IST y compris le VIH. Le projet est mis en \u0153uvre dans une r\u00e9gion, K\u00e9dougou, o\u00f9 on note des in\u00e9galit\u00e9s de genre quant \u00e0 l\u2019acc\u00e8s \u00e0 l\u2019\u00e9ducation, \u00e0 la sant\u00e9, aux ressources et \u00e0 la prise de d\u00e9cision eu \u00e9gard \u00e0 des facteurs socio-culturels, \u00e9conomiques et politiques. Plus sp\u00e9cifiquement, compte tenu de l\u2019intersectionnalit\u00e9 li\u00e9e aux facteurs comme l\u2019\u00e2ge, le sexe, la situation g\u00e9ographique et scolaire, le projet cible, aussi, les adolescentes les plus vuln\u00e9rables notamment celles de 10 \u00e0 19 ans habitants dans des zones \u00e9loign\u00e9es, d\u00e9scolaris\u00e9.e.s et non scolaris\u00e9.e.s, ainsi que les adolescentes travailleuses du sexe.<\/p>\n<p>La participation des adolescentes et adolescents de la r\u00e9gion de K\u00e9dougou, dans tous les aspects du projet autant sociaux, \u00e9conomiques, politiques que id\u00e9ologiques de leur sant\u00e9 sexuelle et reproductive, est au c\u0153ur du projet\u00a0<em>Ma voix, ma sant\u00e9<\/em>. Dans son plan de mise en \u0153uvre, le projet d\u00e9finit l\u2019engagement des jeunes de 10 \u00e0 19 ans comme un de ses principes fondamentaux, qu\u2019elle d\u00e9cline, entre autres, comme suit\u00a0:<\/p>\n<ul>\n<li>Renforcer l\u2019acc\u00e8s \u00e0 de l\u2019information de qualit\u00e9 sur la SDSR pour les adolescent.e.s ;<\/li>\n<li>Informer les adolescent.e.s sur la SDSR en r\u00e9pondant \u00e0 leurs besoins et int\u00e9r\u00eats;<\/li>\n<li>Am\u00e9liorer l\u2019acc\u00e8s pour les adolescentes des r\u00e9gions \u00e9loign\u00e9es, d\u00e9scolaris\u00e9es et non scolaris\u00e9es aux produits li\u00e9s \u00e0 la SDSR (diversit\u00e9 des ressources, traduction en langues locales, adaptation des contenus pour les analphab\u00e8tes, etc.).<\/li>\n<\/ul>\n<p><strong>Raison d\u2019\u00eatre du mandat du volontaire\u00a0:\u00a0<\/strong>L\u2019engagement des adolescent.e.s est la raison d\u2019\u00eatre de ce projet. Depuis le d\u00e9but de 2020, l\u2019\u00e9quipe projet a form\u00e9e plus de 200 adolescentes et adolescents en sant\u00e9 et droits sexuels et reproductifs (SDSR). Au cours de 2021, ces ados seront accompagn\u00e9s pour d\u00e9marrer une grande compagne de plaidoyer aupr\u00e8s des \u00e9lus, des parlementaires et des minist\u00e8res afin de sensibiliser les d\u00e9cideurs sur l\u2019importance de fournir des services en SDSR pour les femmes et les adolescentes. C\u2019est pourquoi la personne volontaire choisie sera amen\u00e9e \u00e0 collaborer avec l\u2019\u00e9quipe projet, les partenaires<\/p>\n<p><strong><em>Activit\u00e9s pr\u00e9vues dans le cadre du mandat:<\/em><\/strong><\/p>\n<ul>\n<li>Offrir une formation \u00e0 l\u2019\u00e9quipe projet et aux partenaires locaux sur le plaidoyer;<\/li>\n<li>Collaborer avec les ados, les partenaires locaux et l\u2019\u00e9quipe projet au d\u00e9veloppement de la strat\u00e9gie de campagne;<\/li>\n<li>D\u00e9velopper un plan d\u2019action pour la campagne de plaidoyer;<\/li>\n<li>Accompagner le d\u00e9marrage de la campagne de plaidoyer;<\/li>\n<\/ul>\n<p><strong>\u00a0<\/strong><\/p>\n<p><strong>Exp\u00e9riences et comp\u00e9tences requises :<\/strong><\/p>\n<ul>\n<li>Dipl\u00f4me universitaire ou coll\u00e9giale dans un domaine pertinent (p. ex. en sciences sociales, communication, d\u00e9veloppement international, etc.)<\/li>\n<li>Minimum de 2 ans d\u2019exp\u00e9riences en communication ou en strat\u00e9gie de plaidoyer<\/li>\n<li>Avoir \u00e0 c\u0153ur la question de l\u2019\u00e9galit\u00e9 des genres et de l\u2019inclusion des jeunes (10 \u00e0 19 ans)<\/li>\n<li>Capacit\u00e9 d\u2019analyse op\u00e9rationnelle et strat\u00e9gique<\/li>\n<li>Avoir d\u00e9j\u00e0 fait de la formation ou du renforcement de capacit\u00e9s pour les adultes<\/li>\n<li>Poss\u00e9der d\u2019excellentes comp\u00e9tences en communication orale et \u00e9crite<\/li>\n<li>Avoir une facult\u00e9 d\u2019adaptation, de la souplesse, d\u2019excellentes habilet\u00e9s pour travailler en \u00e9quipe<\/li>\n<li>Une exp\u00e9rience en d\u00e9veloppement international ou au S\u00e9n\u00e9gal, serait un atout<\/li>\n<\/ul>\n<p><strong>Crit\u00e8res d\u2019\u00e9ligibilit\u00e9 :<\/strong><\/p>\n<ul>\n<li>Partager\u202f<a href=\"https:\/\/cintl.org\/fr\/notre-travail\/code-dethique\/\">les valeurs et les normes \u00e9thiques de Carrefour<\/a>, en particulier :\n<ul>\n<li>Un engagement \u00e0\u202f<a href=\"https:\/\/cintl.org\/wp-content\/uploads\/2019\/11\/Crossroads-Code-of-Conduct-Sexual-Violence-Approved-51019_111419-FR.pdf\">pr\u00e9venir, att\u00e9nuer les risques et intervenir dans les cas de violence sexuelle<\/a>,<\/li>\n<li>Un engagement en faveur de\u202f<a href=\"https:\/\/cintl.org\/wp-content\/uploads\/2021\/03\/Carrefour-Politique-d%C3%A9galit%C3%A9-des-genres-Octobre-2019.pdf\">l\u2019\u00e9galit\u00e9 des genres<\/a>, et<\/li>\n<li>Un engagement en faveur de\u202f<a href=\"https:\/\/cintl.org\/wp-content\/uploads\/2020\/05\/Respect-en-milieu-de-travail_Aug-2019_FR.pdf\">l\u2019antiracisme<\/a>.<\/li>\n<\/ul>\n<\/li>\n<\/ul>\n<ul>\n<li>\u00catre d\u00e9clar\u00e9 en bonne sant\u00e9 physique et mentale (examen m\u00e9dical requis);<\/li>\n<li>Le volontaire doit apporter son ordinateur;<\/li>\n<li>\u00catre disponible pour participer \u00e0 une des formation avant le d\u00e9but mandat.<\/li>\n<\/ul>\n<p><strong>Encadrement personnalis\u00e9 avant, pendant et apr\u00e8s le mandat r\u00e9alis\u00e9 par une \u00e9quipe disponible et accueillante et prise en charge compl\u00e8te pendant votre mandat.<\/strong><\/p>\n<ul>\n<li style=\"list-style-type: none;\">\n<ul>\n<li>Allocation de subsistance et d\u2019h\u00e9bergement mensuelles d\u2019environ 2300 $ CAD;<\/li>\n<li>Assurance m\u00e9dicale et vaccins;<\/li>\n<li>Formation pr\u00e9mandat et atelier de r\u00e9int\u00e9gration \u00e0 la fin.<\/li>\n<\/ul>\n<\/li>\n<\/ul>\n<p>Carrefour International s\u2019est engag\u00e9 \u00e0 lutter contre la violence sexiste en soutenant le travail novateur de nos organisations partenaires pour mettre fin \u00e0 la violence \u00e0 l\u2019\u00e9gard des femmes et des filles.\u00a0<a href=\"https:\/\/international.gc.ca\/world-monde\/issues_development-enjeux_developpement\/priorities-priorites\/policy-politique.aspx?lang=fra\">REJOIGNEZ LE MOUVEMENT!<\/a><\/p>\n<p>POUR POSTULER<\/p>\n<p>Pour poser votre candidature, nous vous invitons \u00e0 remplir notre formulaire en ligne.<\/p>\n<p>Si vous avez des questions, veuillez contacter l\u2019\u00e9quipe de Mobilisation des volontaires : volontaire@cintl.org<\/p>\n<p>Nous vous remercions de votre int\u00e9r\u00eat.\u00a0 Veuillez noter que seules les personnes s\u00e9lectionn\u00e9es pour une entrevue seront contact\u00e9es.<\/p>\n","protected":false},"featured_media":0,"menu_order":0,"template":"","opportunity-type":[],"language":[],"country":[],"field-of-work":[],"class_list":["post-11494","opportunity","type-opportunity","status-publish","hentry"],"acf":[],"_links":{"self":[{"href":"https:\/\/crossboard.dev2.smartegy.ca\/fr\/wp-json\/wp\/v2\/opportunity\/11494","targetHints":{"allow":["GET"]}}],"collection":[{"href":"https:\/\/crossboard.dev2.smartegy.ca\/fr\/wp-json\/wp\/v2\/opportunity"}],"about":[{"href":"https:\/\/crossboard.dev2.smartegy.ca\/fr\/wp-json\/wp\/v2\/types\/opportunity"}],"version-history":[{"count":6,"href":"https:\/\/crossboard.dev2.smartegy.ca\/fr\/wp-json\/wp\/v2\/opportunity\/11494\/revisions"}],"predecessor-version":[{"id":25821,"href":"https:\/\/crossboard.dev2.smartegy.ca\/fr\/wp-json\/wp\/v2\/opportunity\/11494\/revisions\/25821"}],"wp:attachment":[{"href":"https:\/\/crossboard.dev2.smartegy.ca\/fr\/wp-json\/wp\/v2\/media?parent=11494"}],"wp:term":[{"taxonomy":"opportunity-type","embeddable":true,"href":"https:\/\/crossboard.dev2.smartegy.ca\/fr\/wp-json\/wp\/v2\/opportunity-type?post=11494"},{"taxonomy":"language","embeddable":true,"href":"https:\/\/crossboard.dev2.smartegy.ca\/fr\/wp-json\/wp\/v2\/language?post=11494"},{"taxonomy":"country","embeddable":true,"href":"https:\/\/crossboard.dev2.smartegy.ca\/fr\/wp-json\/wp\/v2\/country?post=11494"},{"taxonomy":"field-of-work","embeddable":true,"href":"https:\/\/crossboard.dev2.smartegy.ca\/fr\/wp-json\/wp\/v2\/field-of-work?post=11494"}],"curies":[{"name":"wp","href":"https:\/\/api.w.org\/{rel}","templated":true}]}}

Conseillère ou conseiller en plaidoyer

<p><em><u> <strong>***POUR APPLIQUER : Être domicilié au Sénégal et avoir la citoyenneté d’un pays africain autre que le pays où la personne est domiciliée OU être citoyenneté canadienne ou résident permanent étant actuellement dans au Sénégal .</strong></u></em></p>
<p><em><u>*OPPORTUNITÉS OFFERTES PRIORITAIREMENT POUR LES CITOYEN-NE-S CANADIEN-NE-S ET RÉSIDENT-E-S PERMANENT-E-S SE TROUVANT ACTUELLEMENT AU SÉNÉGAL </u></em></p>
<p><strong>Carrefour International </strong>est une organisation de coopération internationale canadienne d’importance qui travaille pour faire avancer l’égalité pour les femmes et les filles et pour éliminer la pauvreté dans certains des pays les plus pauvres du monde en Afrique où les femmes et les filles sont confrontées à de grands défis : accès inégal aux ressources et aux opportunités économiques, violence basée sur le genre et participation limitée dans la vie politique et publique. Carrefour International travaille en partenariat avec des organisations locales dans 9 pays d’Afrique subsaharienne, afin de tirer parti des compétences, de l’expertise et des ressources, du Nord et du Sud, nécessaires pour permettre aux personnes, en particulier aux femmes et aux filles, de réduire la pauvreté et défendre leurs droits.</p>
<p>Carrefour International est un organisme de bienfaisance enregistré et soutenu par des bailleurs de fonds gouvernementaux et non gouvernementaux et de nombreux donateurs individuels à travers le monde.</p>
<p><strong>NOTRE VISION</strong></p>
<p>UN MONDE où la pauvreté est éliminée, l’égalité prévaut et les droits des femmes et des filles sont respectés.</p>
<p><strong>Description du projet et contexte :</strong></p>
<p>Le projet <em>Ma Voix, Ma Santé : améliorer la santé et les droits sexuels et reproductifs des adolescentes et adolescents du Sénégal, </em>« Baande am – cellal am » (Damcam) en langue locale peuhl, vise à améliorer l’accès, la qualité et l’utilisation des services en santé sexuelle et reproductive (SSR) pour les adolescentes et adolescents de la région de Kédougou, une des plus pauvres du Sénégal. Basé sur des droits humains fondamentaux, ce projet vise à promouvoir le droit à la santé sexuelle et reproductive, qui comprend le droit des femmes à disposer de leur corps et dont le respect implique de pouvoir accéder à des services de santé appropriés. Or, dans la région de Kédougou, plusieurs infrastructures sociales de base, dont les services de santé, sont grandement déficitaires pour répondre aux besoins d’une population installée en zones isolées et en forte augmentation. La situation est d’autant plus alarmante pour les adolescentes puisque la moitié de la population de la région de Kédougou a moins de 19 ans. Ce projet réserve aussi une part importante aux droits en SSR afin de donner des outils nécessaires aux adolescents, particulièrement aux adolescentes de 10 à 19 ans, pour qu’elles puissent se protéger contre la violence sexuelle et sexiste, les grossesses précoces, les mariages forcés et précoces, les cas d’abus sexuels et la transmission d’IST y compris le VIH. Le projet est mis en œuvre dans une région, Kédougou, où on note des inégalités de genre quant à l’accès à l’éducation, à la santé, aux ressources et à la prise de décision eu égard à des facteurs socio-culturels, économiques et politiques. Plus spécifiquement, compte tenu de l’intersectionnalité liée aux facteurs comme l’âge, le sexe, la situation géographique et scolaire, le projet cible, aussi, les adolescentes les plus vulnérables notamment celles de 10 à 19 ans habitants dans des zones éloignées, déscolarisé.e.s et non scolarisé.e.s, ainsi que les adolescentes travailleuses du sexe.</p>
<p>La participation des adolescentes et adolescents de la région de Kédougou, dans tous les aspects du projet autant sociaux, économiques, politiques que idéologiques de leur santé sexuelle et reproductive, est au cœur du projet <em>Ma voix, ma santé</em>. Dans son plan de mise en œuvre, le projet définit l’engagement des jeunes de 10 à 19 ans comme un de ses principes fondamentaux, qu’elle décline, entre autres, comme suit :</p>
<ul>
<li>Renforcer l’accès à de l’information de qualité sur la SDSR pour les adolescent.e.s ;</li>
<li>Informer les adolescent.e.s sur la SDSR en répondant à leurs besoins et intérêts;</li>
<li>Améliorer l’accès pour les adolescentes des régions éloignées, déscolarisées et non scolarisées aux produits liés à la SDSR (diversité des ressources, traduction en langues locales, adaptation des contenus pour les analphabètes, etc.).</li>
</ul>
<p><strong>Raison d’être du mandat du volontaire : </strong>L’engagement des adolescent.e.s est la raison d’être de ce projet. Depuis le début de 2020, l’équipe projet a formée plus de 200 adolescentes et adolescents en santé et droits sexuels et reproductifs (SDSR). Au cours de 2021, ces ados seront accompagnés pour démarrer une grande compagne de plaidoyer auprès des élus, des parlementaires et des ministères afin de sensibiliser les décideurs sur l’importance de fournir des services en SDSR pour les femmes et les adolescentes. C’est pourquoi la personne volontaire choisie sera amenée à collaborer avec l’équipe projet, les partenaires</p>
<p><strong><em>Activités prévues dans le cadre du mandat:</em></strong></p>
<ul>
<li>Offrir une formation à l’équipe projet et aux partenaires locaux sur le plaidoyer;</li>
<li>Collaborer avec les ados, les partenaires locaux et l’équipe projet au développement de la stratégie de campagne;</li>
<li>Développer un plan d’action pour la campagne de plaidoyer;</li>
<li>Accompagner le démarrage de la campagne de plaidoyer;</li>
</ul>
<p><strong> </strong></p>
<p><strong>Expériences et compétences requises :</strong></p>
<ul>
<li>Diplôme universitaire ou collégiale dans un domaine pertinent (p. ex. en sciences sociales, communication, développement international, etc.)</li>
<li>Minimum de 2 ans d’expériences en communication ou en stratégie de plaidoyer</li>
<li>Avoir à cœur la question de l’égalité des genres et de l’inclusion des jeunes (10 à 19 ans)</li>
<li>Capacité d’analyse opérationnelle et stratégique</li>
<li>Avoir déjà fait de la formation ou du renforcement de capacités pour les adultes</li>
<li>Posséder d’excellentes compétences en communication orale et écrite</li>
<li>Avoir une faculté d’adaptation, de la souplesse, d’excellentes habiletés pour travailler en équipe</li>
<li>Une expérience en développement international ou au Sénégal, serait un atout</li>
</ul>
<p><strong>Critères d’éligibilité :</strong></p>
<ul>
<li>Partager <a href="https://cintl.org/fr/notre-travail/code-dethique/">les valeurs et les normes éthiques de Carrefour</a>, en particulier :
<ul>
<li>Un engagement à <a href="https://cintl.org/wp-content/uploads/2019/11/Crossroads-Code-of-Conduct-Sexual-Violence-Approved-51019_111419-FR.pdf">prévenir, atténuer les risques et intervenir dans les cas de violence sexuelle</a>,</li>
<li>Un engagement en faveur de <a href="https://cintl.org/wp-content/uploads/2021/03/Carrefour-Politique-d%C3%A9galit%C3%A9-des-genres-Octobre-2019.pdf">l’égalité des genres</a>, et</li>
<li>Un engagement en faveur de <a href="https://cintl.org/wp-content/uploads/2020/05/Respect-en-milieu-de-travail_Aug-2019_FR.pdf">l’antiracisme</a>.</li>
</ul>
</li>
</ul>
<ul>
<li>Être déclaré en bonne santé physique et mentale (examen médical requis);</li>
<li>Le volontaire doit apporter son ordinateur;</li>
<li>Être disponible pour participer à une des formation avant le début mandat.</li>
</ul>
<p><strong>Encadrement personnalisé avant, pendant et après le mandat réalisé par une équipe disponible et accueillante et prise en charge complète pendant votre mandat.</strong></p>
<ul>
<li style="list-style-type: none;">
<ul>
<li>Allocation de subsistance et d’hébergement mensuelles d’environ 2300 $ CAD;</li>
<li>Assurance médicale et vaccins;</li>
<li>Formation prémandat et atelier de réintégration à la fin.</li>
</ul>
</li>
</ul>
<p>Carrefour International s’est engagé à lutter contre la violence sexiste en soutenant le travail novateur de nos organisations partenaires pour mettre fin à la violence à l’égard des femmes et des filles. <a href="https://international.gc.ca/world-monde/issues_development-enjeux_developpement/priorities-priorites/policy-politique.aspx?lang=fra">REJOIGNEZ LE MOUVEMENT!</a></p>
<p>POUR POSTULER</p>
<p>Pour poser votre candidature, nous vous invitons à remplir notre formulaire en ligne.</p>
<p>Si vous avez des questions, veuillez contacter l’équipe de Mobilisation des volontaires : volontaire@cintl.org</p>
<p>Nous vous remercions de votre intérêt.  Veuillez noter que seules les personnes sélectionnées pour une entrevue seront contactées.</p>
