{"id":13314,"date":"2026-01-29T09:28:59","date_gmt":"2026-01-29T09:28:59","guid":{"rendered":"https:\/\/cintl.org\/?post_type=opportunity&#038;p=13314"},"modified":"2026-01-29T09:28:59","modified_gmt":"2026-01-29T09:28:59","slug":"conseille-ere-en-gestion-financiere-2","status":"publish","type":"opportunity","link":"https:\/\/crossboard.dev2.smartegy.ca\/fr\/opportunity\/conseille-ere-en-gestion-financiere-2\/","title":{"rendered":"Conseille-\u00e8re en \u00a0gestion financi\u00e8re."},"content":{"rendered":"<p><strong>Carrefour International\u00a0<\/strong>est une organisation de coop\u00e9ration internationale canadienne d\u2019importance qui travaille pour faire avancer l\u2019\u00e9galit\u00e9 pour les femmes et les filles et pour \u00e9liminer la pauvret\u00e9 dans certains des pays les plus pauvres du monde en Afrique o\u00f9 les femmes et les filles sont confront\u00e9es \u00e0 de grands d\u00e9fis : acc\u00e8s in\u00e9gal aux ressources et aux opportunit\u00e9s \u00e9conomiques, violence bas\u00e9e sur le genre et participation limit\u00e9e dans la vie politique et publique. Carrefour International travaille en partenariat avec des organisations locales dans 9 pays d\u2019Afrique subsaharienne, afin de tirer parti des comp\u00e9tences, de l\u2019expertise et des ressources, du Nord et du Sud, n\u00e9cessaires pour permettre aux personnes, en particulier aux femmes et aux filles, de r\u00e9duire la pauvret\u00e9 et d\u00e9fendre leurs droits.<\/p>\n<p>Carrefour International est un organisme de bienfaisance enregistr\u00e9 et soutenu par des bailleurs de fonds gouvernementaux et non gouvernementaux et de nombreux donateurs individuels \u00e0 travers le monde.<\/p>\n<p><strong>NOTRE VISION<\/strong><\/p>\n<p>UN MONDE o\u00f9 la pauvret\u00e9 est \u00e9limin\u00e9e, l\u2019\u00e9galit\u00e9 pr\u00e9vaut et les droits des femmes et des filles sont respect\u00e9s.<\/p>\n<p><strong>Description du projet et contexte\u00a0:<\/strong><\/p>\n<p><strong>\u00a0<\/strong>Le programme de coop\u00e9ration volontaire (VCP) 2020-2027 de Carrefour International intitul\u00e9 \u00ab\u00a0<em>Ensemble<\/em>,\u00a0<em>Champions &amp; Championnes de l\u2019\u00c9galit\u00e9 des genres\u00a0<\/em>\u00bb, financ\u00e9 par Affaires mondiales Canada (AMC), mobilisera les canadien-ne-s, les parties prenantes canadiennes, le personnel et les volontaires de Carrefour, les organisations partenaires locales ainsi que les femmes, les hommes, les filles et les gar\u00e7ons en Afrique subsaharienne pour devenir champion-ne-s de l\u2019\u00e9galit\u00e9 des genres. Collectivement, ces champion-ne-s de l\u2019\u00e9galit\u00e9 des genres constituent une communaut\u00e9 mondiale d\u2019agents du changement et de d\u00e9fenseurs de l\u2019avancement de l\u2019\u00e9galit\u00e9 des genres au Canada et en Afrique subsaharienne.<\/p>\n<p>Le projet vise \u00e0 r\u00e9duire les\u00a0<strong>in\u00e9galit\u00e9s du genre et \u00e0 r\u00e9duire la pauvret\u00e9<\/strong>\u00a0en s\u2019attaquant \u00e0 la\u00a0<strong>violence bas\u00e9e sur le genre, aux in\u00e9galit\u00e9s d\u2019acc\u00e8s aux ressources et aux opportunit\u00e9s \u00e9conomiques<\/strong>, et aux d\u00e9fis qui emp\u00eachent de\u00a0<strong>prendre des d\u00e9cisions inform\u00e9es, de se faire entendre<\/strong>, \u00e0 cause des relations de pouvoir in\u00e9gales et discriminatoires ancr\u00e9es dans nos soci\u00e9t\u00e9s. \u00a0Carrefour s\u2019attaquera aux causes profondes des in\u00e9galit\u00e9s de genre et de la discrimination \u00e0 travers une approche holistique multidimensionnelle dans le PCV qui fera la promotion 1) des droits des femmes ; 2) de l\u2019acc\u00e8s \u00e0 la justice et la r\u00e9duction de la violence bas\u00e9e sur le genre (VBG), 3) une repr\u00e9sentation \u00e9galitaire des femmes et des hommes, et 4) la r\u00e9duction des in\u00e9galit\u00e9s qui limitent la capacit\u00e9 des femmes \u00e0 participer et \u00e0 b\u00e9n\u00e9ficier des activit\u00e9s \u00e9conomiques. Carrefour applique une approche fond\u00e9e sur les droits \u00e0 la programmation, qui s\u2019\u00e9tend \u00e0 la promotion, \u00e0 la protection et \u00e0 la d\u00e9fense des droits des femmes, y compris le renforcement de la capacit\u00e9 des organisations de d\u00e9fense des droits des femmes \u00e0 participer \u00e0 la formulation des politiques et \u00e0 influer sur celles-ci et \u00e0 rendre des comptes \u00e0 ceux qui ont le devoir d\u2019agir.<\/p>\n<p><strong>\u00a0<\/strong><\/p>\n<p><strong>Contexte historique du mandat :<\/strong><\/p>\n<p>L\u2019Association pour la Promotion de la Femme S\u00e9n\u00e9galaise (APROFES) est n\u00e9e en 1987 de la volont\u00e9 consciente d\u2019un groupe de jeunes femmes de l\u2019association culturelle et sportive, le\u00a0Magg\u00a0Daan, convaincues par leur exp\u00e9rience que l\u2019\u00e9chec des programmes de d\u00e9veloppement provient dans une large mesure du non prise en charge des pr\u00e9occupations des femmes. Elle est dirig\u00e9e par des femmes et fait partie des rares ONG n\u00e9es de la dynamique\u00a0\u00a0 des organisations populaires \u00e0 la base qu\u2019elle s\u2019efforce de servir. Elle regroupe des femmes de professions, d\u2019origines sociales, de races, de religions et d\u2019appartenance politique diff\u00e9rentes. Nous sommes une organisation nationale f\u00e9d\u00e9rative qui appuie les initiatives des populations, surtout les femmes et les jeunes, \u00e0 travers des programmes de formation, de communication, de plaidoyer, de soutien aux activit\u00e9s productives et d\u2019am\u00e9lioration du cadre de vie des communaut\u00e9s.<\/p>\n<p>L\u2019APROFES a pour mission de contribuer \u00e0 la promotion et \u00e0 la d\u00e9fense des droits des femmes s\u00e9n\u00e9galaises en vue d\u2019un d\u00e9veloppement durable des communaut\u00e9s.<\/p>\n<p>&nbsp;<\/p>\n<p>1.Valeurs<\/p>\n<p>Les valeurs d\u00e9fendues par l\u2019Association pour la Promotion de la Femme S\u00e9n\u00e9galaise (APROFES) sont\u202f:<\/p>\n<ul>\n<li>la\u00a0solidarit\u00e9\u202f;<\/li>\n<li>la\u00a0culture de la paix et de la tol\u00e9rance\u202f;<\/li>\n<li>l\u2019\u00e9quit\u00e9\u202f;<\/li>\n<li>la\u00a0justice \u00e9conomique et social<\/li>\n<\/ul>\n<p>2.Objectifs<\/p>\n<p>Dans le cadre de la poursuite de cette mission, nous \u0153uvrons pour\u202f:<\/p>\n<ul>\n<li>Renforcer le leadership et le pouvoir des femmes et des filles dans les sph\u00e8res et processus de d\u00e9cision\u202f;<\/li>\n<li>Promouvoir les droits \u00e0 l\u2019int\u00e9grit\u00e9 physique et morale des femmes et des filles\u202f;<\/li>\n<li>Accroitre le niveau d\u2019autonomisation \u00e9conomique des femmes et des filles\u202f;<\/li>\n<li>Faciliter l\u2019acc\u00e8s et le contr\u00f4le des femmes et des filles aux services sociaux.<\/li>\n<\/ul>\n<p>L\u2019APROFES\u00a0avait d\u00e9velopp\u00e9 un plan strat\u00e9gique 2016-2020. Ce document strat\u00e9gique de l\u2019organisation est\u00a0arriv\u00e9 \u00e0 expiration\u00a0depuis l\u2019ann\u00e9e 2020.\u00a0L\u2019APROFE<\/p>\n<p><strong>Activit\u00e9s pr\u00e9vues dans le cadre du mandat :<\/strong><\/p>\n<ul>\n<li>Accompagner le responsable administratif et financier \u00e0 mettre en place un manuel de proc\u00e9dures administratives et financi\u00e8res.<\/li>\n<li>Participer \u00e0 la s\u00e9lection d\u2019un un logiciel comptable adapt\u00e9 en plus d\u2019assurer la coordination de son implantation<\/li>\n<li>Participer \u00e0 la formation des personnes concern\u00e9es sur l\u2019utilisation du logiciel comptable.<\/li>\n<\/ul>\n<p><strong>Exp\u00e9riences et comp\u00e9tences requises :<\/strong><\/p>\n<ul>\n<li>Au moins deux ans d\u2019exp\u00e9riences en gestion financi\u00e8re;<\/li>\n<li>Exp\u00e9rience de travail au sein d\u2019organisations communautaires un atout;<\/li>\n<\/ul>\n<ul>\n<li>L\u2019exp\u00e9rience ant\u00e9rieure en Afrique avec une compr\u00e9hension d\u00e9montr\u00e9e du contexte et de la culture des pays est consid\u00e9r\u00e9e comme un atout important\u00a0;<\/li>\n<li>Les connaissances\/comp\u00e9tences d\u00e9montr\u00e9es et\/ou l\u2019exp\u00e9rience dans la formation et la facilitation sont consid\u00e9r\u00e9es comme un atout\u00a0;<\/li>\n<li>Excellentes comp\u00e9tences organisationnelles et administratives\u00a0;<\/li>\n<li>Connaissances et exp\u00e9rience des programmes visant \u00e0 promouvoir l\u2019\u00e9galit\u00e9 des femmes et de l\u2019autonomie \u00e9conomique\u00a0;<\/li>\n<li>Excellente capacit\u00e9 \u00e0 travailler de fa\u00e7on autonome et volont\u00e9 de prendre des initiatives.<\/li>\n<li>Capacit\u00e9 de travailler en collaboration avec une \u00e9quipe, en personne et \u00e0 distance\u00a0;<\/li>\n<li>Comp\u00e9tences et attitudes interculturelles exceptionnelles, y compris la patience et le respect de l\u2019expertise locale et de la culture de travail et de la communication interculturelle\u00a0;<\/li>\n<li>Capacit\u00e9 de faire face \u00e0 l\u2019isolement culturel et \u00e0 un niveau de vie diff\u00e9rent.<\/li>\n<\/ul>\n<p>&nbsp;<\/p>\n<ul>\n<li>Partager\u202f<a href=\"https:\/\/cintl.org\/fr\/notre-travail\/code-dethique\/\">les valeurs et les normes \u00e9thiques de Carrefour<\/a>, en particulier :\n<ul>\n<li>Un engagement \u00e0\u202f<a href=\"https:\/\/cintl.org\/wp-content\/uploads\/2019\/11\/Crossroads-Code-of-Conduct-Sexual-Violence-Approved-51019_111419-FR.pdf\">pr\u00e9venir, att\u00e9nuer les risques et intervenir dans les cas de violence sexuelle<\/a>,<\/li>\n<li>Un engagement en faveur de\u202f<a href=\"https:\/\/cintl.org\/wp-content\/uploads\/2021\/03\/Carrefour-Politique-d%C3%A9galit%C3%A9-des-genres-Octobre-2019.pdf\">l\u2019\u00e9galit\u00e9 des genres<\/a>, et<\/li>\n<li>Un engagement en faveur de\u202f<a href=\"https:\/\/cintl.org\/wp-content\/uploads\/2020\/05\/Respect-en-milieu-de-travail_Aug-2019_FR.pdf\">l\u2019antiracisme<\/a>.<\/li>\n<\/ul>\n<\/li>\n<li>\u00catre d\u00e9clar\u00e9 en bonne sant\u00e9 physique et mentale (examen m\u00e9dical requis);<\/li>\n<li>Le volontaire doit apporter son ordinateur;<\/li>\n<\/ul>\n<p>Encadrement personnalis\u00e9 avant, pendant et apr\u00e8s le mandat r\u00e9alis\u00e9 par une \u00e9quipe disponible et accueillante et prise en charge compl\u00e8te pendant votre s\u00e9jour.<strong>\u00a0L\u2019exp\u00e9rience Carrefour inclut :<\/strong><\/p>\n<ul>\n<li>Allocation mensuelle de subsistance et d\u2019h\u00e9bergement d\u2019environ 2000 $ CDN.<\/li>\n<li>Assurance m\u00e9dicale et vaccins;<\/li>\n<li>Formation pr\u00e9mandat et atelier de r\u00e9int\u00e9gration \u00e0 la fin.<\/li>\n<\/ul>\n<p><em>Carrefour International s\u2019est engag\u00e9 \u00e0 lutter contre la violence sexiste en soutenant le travail novateur de nos organisations partenaires pour\u00a0<\/em><a href=\"https:\/\/www.international.gc.ca\/world-monde\/issues_development-enjeux_developpement\/priorities-priorites\/policy-politique.aspx?lang=fra\"><em>mettre fin \u00e0 la violence \u00e0 l\u2019\u00e9gard des femmes et des filles<\/em><\/a>.\u00a0<a href=\"https:\/\/international.gc.ca\/world-monde\/issues_development-enjeux_developpement\/priorities-priorites\/policy-politique.aspx?lang=fra\">REJOIGNEZ LE MOUVEMENT!<\/a><\/p>\n<p><strong>POUR POSTULER<\/strong><\/p>\n<p>Pour poser votre candidature, merci d\u2019envoyer votre Curriculum Vitae et une lettre de motivation \u00e0 volontaire@cintl.org<\/p>\n<p>Veuillez contacter l\u2019\u00e9quipe de mobilisations des volontaires \u00a0 si vous avez des questions:\u00a0<a href=\"mailto:volontaire@cintl.org\">volontaire@cintl.org<\/a><\/p>\n<p>Nous vous remercions de votre int\u00e9r\u00eat.\u00a0 Veuillez noter que seules les personnes s\u00e9lectionn\u00e9es pour une entrevue seront contact\u00e9es.<\/p>\n<p>&nbsp;<\/p>\n","protected":false},"featured_media":0,"menu_order":0,"template":"","opportunity-type":[],"language":[],"country":[],"field-of-work":[],"class_list":["post-13314","opportunity","type-opportunity","status-publish","hentry"],"acf":[],"_links":{"self":[{"href":"https:\/\/crossboard.dev2.smartegy.ca\/fr\/wp-json\/wp\/v2\/opportunity\/13314","targetHints":{"allow":["GET"]}}],"collection":[{"href":"https:\/\/crossboard.dev2.smartegy.ca\/fr\/wp-json\/wp\/v2\/opportunity"}],"about":[{"href":"https:\/\/crossboard.dev2.smartegy.ca\/fr\/wp-json\/wp\/v2\/types\/opportunity"}],"version-history":[{"count":1,"href":"https:\/\/crossboard.dev2.smartegy.ca\/fr\/wp-json\/wp\/v2\/opportunity\/13314\/revisions"}],"predecessor-version":[{"id":25468,"href":"https:\/\/crossboard.dev2.smartegy.ca\/fr\/wp-json\/wp\/v2\/opportunity\/13314\/revisions\/25468"}],"wp:attachment":[{"href":"https:\/\/crossboard.dev2.smartegy.ca\/fr\/wp-json\/wp\/v2\/media?parent=13314"}],"wp:term":[{"taxonomy":"opportunity-type","embeddable":true,"href":"https:\/\/crossboard.dev2.smartegy.ca\/fr\/wp-json\/wp\/v2\/opportunity-type?post=13314"},{"taxonomy":"language","embeddable":true,"href":"https:\/\/crossboard.dev2.smartegy.ca\/fr\/wp-json\/wp\/v2\/language?post=13314"},{"taxonomy":"country","embeddable":true,"href":"https:\/\/crossboard.dev2.smartegy.ca\/fr\/wp-json\/wp\/v2\/country?post=13314"},{"taxonomy":"field-of-work","embeddable":true,"href":"https:\/\/crossboard.dev2.smartegy.ca\/fr\/wp-json\/wp\/v2\/field-of-work?post=13314"}],"curies":[{"name":"wp","href":"https:\/\/api.w.org\/{rel}","templated":true}]}}

Conseille-ère en  gestion financière.

<p><strong>Carrefour International </strong>est une organisation de coopération internationale canadienne d’importance qui travaille pour faire avancer l’égalité pour les femmes et les filles et pour éliminer la pauvreté dans certains des pays les plus pauvres du monde en Afrique où les femmes et les filles sont confrontées à de grands défis : accès inégal aux ressources et aux opportunités économiques, violence basée sur le genre et participation limitée dans la vie politique et publique. Carrefour International travaille en partenariat avec des organisations locales dans 9 pays d’Afrique subsaharienne, afin de tirer parti des compétences, de l’expertise et des ressources, du Nord et du Sud, nécessaires pour permettre aux personnes, en particulier aux femmes et aux filles, de réduire la pauvreté et défendre leurs droits.</p>
<p>Carrefour International est un organisme de bienfaisance enregistré et soutenu par des bailleurs de fonds gouvernementaux et non gouvernementaux et de nombreux donateurs individuels à travers le monde.</p>
<p><strong>NOTRE VISION</strong></p>
<p>UN MONDE où la pauvreté est éliminée, l’égalité prévaut et les droits des femmes et des filles sont respectés.</p>
<p><strong>Description du projet et contexte :</strong></p>
<p><strong> </strong>Le programme de coopération volontaire (VCP) 2020-2027 de Carrefour International intitulé « <em>Ensemble</em>, <em>Champions &amp; Championnes de l’Égalité des genres </em>», financé par Affaires mondiales Canada (AMC), mobilisera les canadien-ne-s, les parties prenantes canadiennes, le personnel et les volontaires de Carrefour, les organisations partenaires locales ainsi que les femmes, les hommes, les filles et les garçons en Afrique subsaharienne pour devenir champion-ne-s de l’égalité des genres. Collectivement, ces champion-ne-s de l’égalité des genres constituent une communauté mondiale d’agents du changement et de défenseurs de l’avancement de l’égalité des genres au Canada et en Afrique subsaharienne.</p>
<p>Le projet vise à réduire les <strong>inégalités du genre et à réduire la pauvreté</strong> en s’attaquant à la <strong>violence basée sur le genre, aux inégalités d’accès aux ressources et aux opportunités économiques</strong>, et aux défis qui empêchent de <strong>prendre des décisions informées, de se faire entendre</strong>, à cause des relations de pouvoir inégales et discriminatoires ancrées dans nos sociétés.  Carrefour s’attaquera aux causes profondes des inégalités de genre et de la discrimination à travers une approche holistique multidimensionnelle dans le PCV qui fera la promotion 1) des droits des femmes ; 2) de l’accès à la justice et la réduction de la violence basée sur le genre (VBG), 3) une représentation égalitaire des femmes et des hommes, et 4) la réduction des inégalités qui limitent la capacité des femmes à participer et à bénéficier des activités économiques. Carrefour applique une approche fondée sur les droits à la programmation, qui s’étend à la promotion, à la protection et à la défense des droits des femmes, y compris le renforcement de la capacité des organisations de défense des droits des femmes à participer à la formulation des politiques et à influer sur celles-ci et à rendre des comptes à ceux qui ont le devoir d’agir.</p>
<p><strong> </strong></p>
<p><strong>Contexte historique du mandat :</strong></p>
<p>L’Association pour la Promotion de la Femme Sénégalaise (APROFES) est née en 1987 de la volonté consciente d’un groupe de jeunes femmes de l’association culturelle et sportive, le Magg Daan, convaincues par leur expérience que l’échec des programmes de développement provient dans une large mesure du non prise en charge des préoccupations des femmes. Elle est dirigée par des femmes et fait partie des rares ONG nées de la dynamique   des organisations populaires à la base qu’elle s’efforce de servir. Elle regroupe des femmes de professions, d’origines sociales, de races, de religions et d’appartenance politique différentes. Nous sommes une organisation nationale fédérative qui appuie les initiatives des populations, surtout les femmes et les jeunes, à travers des programmes de formation, de communication, de plaidoyer, de soutien aux activités productives et d’amélioration du cadre de vie des communautés.</p>
<p>L’APROFES a pour mission de contribuer à la promotion et à la défense des droits des femmes sénégalaises en vue d’un développement durable des communautés.</p>
<p>&nbsp;</p>
<p>1.Valeurs</p>
<p>Les valeurs défendues par l’Association pour la Promotion de la Femme Sénégalaise (APROFES) sont :</p>
<ul>
<li>la solidarité ;</li>
<li>la culture de la paix et de la tolérance ;</li>
<li>l’équité ;</li>
<li>la justice économique et social</li>
</ul>
<p>2.Objectifs</p>
<p>Dans le cadre de la poursuite de cette mission, nous œuvrons pour :</p>
<ul>
<li>Renforcer le leadership et le pouvoir des femmes et des filles dans les sphères et processus de décision ;</li>
<li>Promouvoir les droits à l’intégrité physique et morale des femmes et des filles ;</li>
<li>Accroitre le niveau d’autonomisation économique des femmes et des filles ;</li>
<li>Faciliter l’accès et le contrôle des femmes et des filles aux services sociaux.</li>
</ul>
<p>L’APROFES avait développé un plan stratégique 2016-2020. Ce document stratégique de l’organisation est arrivé à expiration depuis l’année 2020. L’APROFE</p>
<p><strong>Activités prévues dans le cadre du mandat :</strong></p>
<ul>
<li>Accompagner le responsable administratif et financier à mettre en place un manuel de procédures administratives et financières.</li>
<li>Participer à la sélection d’un un logiciel comptable adapté en plus d’assurer la coordination de son implantation</li>
<li>Participer à la formation des personnes concernées sur l’utilisation du logiciel comptable.</li>
</ul>
<p><strong>Expériences et compétences requises :</strong></p>
<ul>
<li>Au moins deux ans d’expériences en gestion financière;</li>
<li>Expérience de travail au sein d’organisations communautaires un atout;</li>
</ul>
<ul>
<li>L’expérience antérieure en Afrique avec une compréhension démontrée du contexte et de la culture des pays est considérée comme un atout important ;</li>
<li>Les connaissances/compétences démontrées et/ou l’expérience dans la formation et la facilitation sont considérées comme un atout ;</li>
<li>Excellentes compétences organisationnelles et administratives ;</li>
<li>Connaissances et expérience des programmes visant à promouvoir l’égalité des femmes et de l’autonomie économique ;</li>
<li>Excellente capacité à travailler de façon autonome et volonté de prendre des initiatives.</li>
<li>Capacité de travailler en collaboration avec une équipe, en personne et à distance ;</li>
<li>Compétences et attitudes interculturelles exceptionnelles, y compris la patience et le respect de l’expertise locale et de la culture de travail et de la communication interculturelle ;</li>
<li>Capacité de faire face à l’isolement culturel et à un niveau de vie différent.</li>
</ul>
<p>&nbsp;</p>
<ul>
<li>Partager <a href="https://cintl.org/fr/notre-travail/code-dethique/">les valeurs et les normes éthiques de Carrefour</a>, en particulier :
<ul>
<li>Un engagement à <a href="https://cintl.org/wp-content/uploads/2019/11/Crossroads-Code-of-Conduct-Sexual-Violence-Approved-51019_111419-FR.pdf">prévenir, atténuer les risques et intervenir dans les cas de violence sexuelle</a>,</li>
<li>Un engagement en faveur de <a href="https://cintl.org/wp-content/uploads/2021/03/Carrefour-Politique-d%C3%A9galit%C3%A9-des-genres-Octobre-2019.pdf">l’égalité des genres</a>, et</li>
<li>Un engagement en faveur de <a href="https://cintl.org/wp-content/uploads/2020/05/Respect-en-milieu-de-travail_Aug-2019_FR.pdf">l’antiracisme</a>.</li>
</ul>
</li>
<li>Être déclaré en bonne santé physique et mentale (examen médical requis);</li>
<li>Le volontaire doit apporter son ordinateur;</li>
</ul>
<p>Encadrement personnalisé avant, pendant et après le mandat réalisé par une équipe disponible et accueillante et prise en charge complète pendant votre séjour.<strong> L’expérience Carrefour inclut :</strong></p>
<ul>
<li>Allocation mensuelle de subsistance et d’hébergement d’environ 2000 $ CDN.</li>
<li>Assurance médicale et vaccins;</li>
<li>Formation prémandat et atelier de réintégration à la fin.</li>
</ul>
<p><em>Carrefour International s’est engagé à lutter contre la violence sexiste en soutenant le travail novateur de nos organisations partenaires pour </em><a href="https://www.international.gc.ca/world-monde/issues_development-enjeux_developpement/priorities-priorites/policy-politique.aspx?lang=fra"><em>mettre fin à la violence à l’égard des femmes et des filles</em></a>. <a href="https://international.gc.ca/world-monde/issues_development-enjeux_developpement/priorities-priorites/policy-politique.aspx?lang=fra">REJOIGNEZ LE MOUVEMENT!</a></p>
<p><strong>POUR POSTULER</strong></p>
<p>Pour poser votre candidature, merci d’envoyer votre Curriculum Vitae et une lettre de motivation à volontaire@cintl.org</p>
<p>Veuillez contacter l’équipe de mobilisations des volontaires   si vous avez des questions: <a href="mailto:volontaire@cintl.org">volontaire@cintl.org</a></p>
<p>Nous vous remercions de votre intérêt.  Veuillez noter que seules les personnes sélectionnées pour une entrevue seront contactées.</p>
<p>&nbsp;</p>
