{"id":14069,"date":"2026-01-29T09:29:04","date_gmt":"2026-01-29T09:29:04","guid":{"rendered":"https:\/\/cintl.org\/?post_type=opportunity&#038;p=14069"},"modified":"2026-01-29T09:29:04","modified_gmt":"2026-01-29T09:29:04","slug":"conseiller-ere-en-communication-et-relations-publiques","status":"publish","type":"opportunity","link":"https:\/\/crossboard.dev2.smartegy.ca\/fr\/opportunity\/conseiller-ere-en-communication-et-relations-publiques\/","title":{"rendered":"Conseiller-\u00e8re en communication et relations publiques"},"content":{"rendered":"<p><strong><em>***POUR POSTULER\u00a0: \u00catre citoyen-ne canadien-ne ou r\u00e9sident-e permanent-e du Canada.<\/em><\/strong><\/p>\n<p style=\"text-align: justify;\"><strong>Carrefour International\u00a0<\/strong>est une organisation de coop\u00e9ration internationale canadienne d\u2019importance qui travaille pour faire avancer l\u2019\u00e9galit\u00e9 pour les femmes et les filles et pour \u00e9liminer la pauvret\u00e9 dans certains des pays les plus pauvres du monde en Afrique o\u00f9 les femmes et les filles sont confront\u00e9es \u00e0 de grands d\u00e9fis : acc\u00e8s in\u00e9gal aux ressources et aux opportunit\u00e9s \u00e9conomiques, violence bas\u00e9e sur le genre et participation limit\u00e9e dans la vie politique et publique. Carrefour International travaille en partenariat avec des organisations locales dans 9 pays d\u2019Afrique subsaharienne, afin de tirer parti des comp\u00e9tences, de l\u2019expertise et des ressources, du Nord et du Sud, n\u00e9cessaires pour permettre aux personnes, en particulier aux femmes et aux filles, de r\u00e9duire la pauvret\u00e9 et d\u00e9fendre leurs droits.<\/p>\n<p style=\"text-align: justify;\">Carrefour International est un organisme de bienfaisance enregistr\u00e9 et soutenu par des bailleurs de fonds gouvernementaux et non gouvernementaux et de nombreux donateurs individuels \u00e0 travers le monde.<\/p>\n<p style=\"text-align: justify;\"><strong>NOTRE VISION<\/strong><\/p>\n<p style=\"text-align: justify;\">UN MONDE o\u00f9 la pauvret\u00e9 est \u00e9limin\u00e9e, l\u2019\u00e9galit\u00e9 pr\u00e9vaut et les droits des femmes et des filles sont respect\u00e9s.<\/p>\n<p style=\"text-align: justify;\"><strong>Description du projet et contexte\u00a0<\/strong><\/p>\n<p style=\"text-align: justify;\">Le programme de coop\u00e9ration volontaire (VCP) 2020-2027 de Carrefour International intitul\u00e9 \u00ab\u00a0<em>Ensemble<\/em>,\u00a0<em>Champions &amp; Championnes de l\u2019\u00c9galit\u00e9 des genres\u00a0<\/em>\u00bb, financ\u00e9 par Affaires mondiales Canada (AMC), mobilisera les canadien-ne-s, les parties prenantes canadiennes, le personnel et les volontaires de Carrefour, les organisations partenaires locales ainsi que les femmes, les hommes, les filles et les gar\u00e7ons en Afrique subsaharienne pour devenir champion-ne-s de l\u2019\u00e9galit\u00e9 des genres. Collectivement, ces champion-ne-s de l\u2019\u00e9galit\u00e9 des genres constituent une communaut\u00e9 mondiale d\u2019agents du changement et de d\u00e9fenseurs de l\u2019avancement de l\u2019\u00e9galit\u00e9 des genres au Canada et en Afrique subsaharienne.<\/p>\n<p style=\"text-align: justify;\">Le projet vise \u00e0 r\u00e9duire les\u00a0<strong>in\u00e9galit\u00e9s du genre et \u00e0 r\u00e9duire la pauvret\u00e9<\/strong>\u00a0en s\u2019attaquant \u00e0 la\u00a0<strong>violence bas\u00e9e sur le genre, aux in\u00e9galit\u00e9s d\u2019acc\u00e8s aux ressources et aux opportunit\u00e9s \u00e9conomiques<\/strong>, et aux d\u00e9fis qui emp\u00eachent de\u00a0<strong>prendre des d\u00e9cisions inform\u00e9es, de se faire entendre<\/strong>, \u00e0 cause des relations de pouvoir in\u00e9gales et discriminatoires ancr\u00e9es dans nos soci\u00e9t\u00e9s. \u00a0Carrefour s\u2019attaquera aux causes profondes des in\u00e9galit\u00e9s de genre et de la discrimination \u00e0 travers une approche holistique multidimensionnelle dans le PCV qui fera la promotion 1) des droits des femmes ; 2) de l\u2019acc\u00e8s \u00e0 la justice et la r\u00e9duction de la violence bas\u00e9e sur le genre (VBG), 3) une repr\u00e9sentation \u00e9galitaire des femmes et des hommes, et 4) la r\u00e9duction des in\u00e9galit\u00e9s qui limitent la capacit\u00e9 des femmes \u00e0 participer et \u00e0 b\u00e9n\u00e9ficier des activit\u00e9s \u00e9conomiques. Carrefour applique une approche fond\u00e9e sur les droits \u00e0 la programmation, qui s\u2019\u00e9tend \u00e0 la promotion, \u00e0 la protection et \u00e0 la d\u00e9fense des droits des femmes, y compris le renforcement de la capacit\u00e9 des organisations de d\u00e9fense des droits des femmes \u00e0 participer \u00e0 la formulation des politiques et \u00e0 influer sur celles-ci et \u00e0 rendre des comptes \u00e0 ceux qui ont le devoir d\u2019agir.<\/p>\n<p><strong>Description du partenaire\u00a0<\/strong><\/p>\n<p style=\"text-align: justify;\">Le Centre F\u00e9minin pour la d\u00e9mocratie et les droits humains en C\u00f4te d\u2019Ivoire (CEFCI) est une organisation dont la mission est de favoriser le leadership des filles, des adolescentes et des femmes en portant \u00e0 leur connaissance leurs droits. Le CEFCI a \u00e9t\u00e9 mis sur pied en 2003 pour r\u00e9pondre aux violations des droits des femmes constat\u00e9es lors de la crise militaro-politique ivoirienne en 2002. Les grands axes de travail de l\u2019organisation sont la promotion des droits des filles, des adolescentes et des femmes, la d\u00e9mocratie et la gouvernance, la paix et la s\u00e9curit\u00e9, et la formation et le renforcement des capacit\u00e9s. Les projets du CEFCI se d\u00e9ploient sur toute l\u2019\u00e9tendue de la C\u00f4te d\u2019Ivoire, mais particuli\u00e8rement dans les villes d\u2019Abidjan, de Niakara et d\u2019Odienn\u00e9.<\/p>\n<p style=\"text-align: justify;\">Les d\u00e9fis courants rencontr\u00e9s par le CEFCI en mati\u00e8re de communication et relations publiques sont : (a) la consolidation des plans, documents et outils de communication, (b) une gestion coh\u00e9rente de l\u2019ensemble des parties prenantes int\u00e9rieures et ext\u00e9rieures, et (c) le renforcement des pratiques en mati\u00e8re d\u2019organisation d\u2019\u00e9v\u00e8nements et de campagnes publiques. Les r\u00f4les, responsabilit\u00e9s et t\u00e2ches se refl\u00e9tant dans le mandat en communication et relations publiques sont assur\u00e9es au sein de l\u2019organisation par le directeur ex\u00e9cutif et la charg\u00e9e de programmes.<\/p>\n<p><strong>Principales responsabilit\u00e9s<\/strong><\/p>\n<ul>\n<li>\u00c9laborer et mettre un \u0153uvre un plan de communication pour le CEFCI;<\/li>\n<li>\u00c9laborer des maquettes de communication pour les documents strat\u00e9giques et administratifs internes et contribuer \u00e0 la r\u00e9daction, \u00e0 la mise en page et \u00e0 la diffusion des dits documents;<\/li>\n<li>Contribuer \u00e0 la cr\u00e9ation et \u00e0 la diffusion d\u2019outils et de supports de communication multim\u00e9dias;<\/li>\n<li>Am\u00e9liorer les pratiques de gestion et de mise \u00e0 jour du site internet, des r\u00e9seaux sociaux, et de l\u2019infolettre;<\/li>\n<li>Mettre \u00e0 jour la liste de management des diff\u00e9rentes parties prenantes, en particulier la liste aff\u00e9rente aux relations publiques et de presse;<\/li>\n<li>Conceptualiser et mettre en \u0153uvre une campagne annuelle de relations publiques;<\/li>\n<li>Renforcer les actions de relations publiques et \u00e9tablir des liens avec le monde de la presse;<\/li>\n<li>Renforcer les pratiques d\u2019organisation d\u2019\u00e9v\u00e8nements strat\u00e9giques internes et des activit\u00e9s d\u2019information et de sensibilisation lors de journ\u00e9es internationales.<\/li>\n<\/ul>\n<p><strong>Exp\u00e9riences et comp\u00e9tences requises <\/strong><\/p>\n<ul>\n<li>Dipl\u00f4me universitaire 1<sup>er<\/sup> cycle (ou \u00e9quivalence) en communication et\/ou relations publiques ou dans un domaine pertinent.<\/li>\n<li>Deux (2) ans d\u2019exp\u00e9rience professionnelle dans des fonctions similaires dans une organisation non gouvernementale;<\/li>\n<li>Engagement en faveur de l\u2019\u00e9galit\u00e9 des genres;<\/li>\n<li>Connaissance et exp\u00e9rience des programmes internationaux pour faire progresser l\u2019\u00e9galit\u00e9 et l\u2019autonomie \u00e9conomique des femmes;<\/li>\n<li>Bilinguisme fran\u00e7ais et anglais;<\/li>\n<li>Forte capacit\u00e9 d\u2019adaptation;<\/li>\n<li>Comp\u00e9tences en r\u00e9solution de conflits;<\/li>\n<li>Comp\u00e9tences et attitudes interculturelles exceptionnelles, y compris la patience, la communication interculturelle, l\u2019humilit\u00e9, et le respect de l\u2019expertise et de la culture du travail locale;<\/li>\n<li>Une exp\u00e9rience professionnelle en d\u00e9veloppement international est un atout.<\/li>\n<\/ul>\n<p>&nbsp;<\/p>\n<p><strong>Crit\u00e8res d\u2019\u00e9ligibilit\u00e9<\/strong><\/p>\n<ul>\n<li><strong><em>***IMPORTANT: \u00catre citoyen-ne canadien-ne ou r\u00e9sident-e permanent-e du Canada;<\/em><\/strong><\/li>\n<li><strong><em>Avoir re\u00e7u deux doses d\u2019un vaccin contre la COVID-19;<\/em><\/strong><\/li>\n<li>\u00catre dispos\u00e9 \u00e0 mener des activit\u00e9s de collecte de fonds et d&rsquo;engagement du public avant, pendant et apr\u00e8s le mandat;<\/li>\n<li>Partager\u202fun engagement \u00e0\u202f<a href=\"https:\/\/cintl.org\/wp-content\/uploads\/2019\/11\/Crossroads-Code-of-Conduct-Sexual-Violence-Approved-51019_111419-FR.pdf\">pr\u00e9venir, att\u00e9nuer les risques et intervenir dans les cas de violence sexuelle;<\/a><\/li>\n<li>\u00catre d\u00e9clar\u00e9 en bonne sant\u00e9 physique et mentale (examen m\u00e9dical requis);<\/li>\n<li>La personne volontaire doit apporter son ordinateur.<\/li>\n<li>La personne volontaire doit \u00eatre disponible pour participer \u00e0 une formation pr\u00e9-mandat en ligne qui se d\u00e9roulera du 24 au 31 ao\u00fbt 2022.<\/li>\n<\/ul>\n<p>Encadrement personnalis\u00e9 avant, pendant et apr\u00e8s le mandat r\u00e9alis\u00e9 par une \u00e9quipe disponible et accueillante et prise en charge compl\u00e8te pendant votre s\u00e9jour. <strong>L\u2019exp\u00e9rience Carrefour inclut :<\/strong><\/p>\n<ul>\n<li>Allocation de subsistance (varie selon le pays d\u2019affection);<\/li>\n<li>Billet d&rsquo;avion et transport local;<\/li>\n<li>Assurance m\u00e9dicale et vaccins;<\/li>\n<li>Formation pr\u00e9-mandat en ligne.<\/li>\n<\/ul>\n<p><em>Carrefour International s\u2019est engag\u00e9 \u00e0 lutter contre la violence sexiste en soutenant le travail novateur de nos organisations partenaires pour <\/em><a href=\"https:\/\/www.international.gc.ca\/world-monde\/issues_development-enjeux_developpement\/priorities-priorites\/policy-politique.aspx?lang=fra\"><em>mettre fin \u00e0 la violence \u00e0 l\u2019\u00e9gard des femmes et des filles<\/em><\/a>.<\/p>\n<p><a href=\"https:\/\/international.gc.ca\/world-monde\/issues_development-enjeux_developpement\/priorities-priorites\/policy-politique.aspx?lang=fra\">REJOIGNEZ LE MOUVEMENT!<\/a><\/p>\n<p><strong>POUR POSTULER<\/strong><\/p>\n<p><u>Pour poser votre candidature, nous vous demandons de bien vouloir remplir le formulaire de candidature en ligne de Carrefour.\u202f Les candidatures seront examin\u00e9es de mani\u00e8re continue. N\u2019attendez pas pour soumettre la v\u00f4tre!<\/u><\/p>\n<p>Veuillez contacter l\u2019\u00e9quipe de mobilisation des volontaires si vous avez des questions: <u><a href=\"mailto:volontaire@cintl.org\">volontaire@cintl.org<\/a><\/u><\/p>\n<p>Nous vous remercions de votre int\u00e9r\u00eat.\u00a0 Veuillez noter que seules les personnes s\u00e9lectionn\u00e9es pour une entrevue seront contact\u00e9es.<\/p>\n","protected":false},"featured_media":0,"menu_order":0,"template":"","opportunity-type":[],"language":[],"country":[],"field-of-work":[],"class_list":["post-14069","opportunity","type-opportunity","status-publish","hentry"],"acf":[],"_links":{"self":[{"href":"https:\/\/crossboard.dev2.smartegy.ca\/fr\/wp-json\/wp\/v2\/opportunity\/14069","targetHints":{"allow":["GET"]}}],"collection":[{"href":"https:\/\/crossboard.dev2.smartegy.ca\/fr\/wp-json\/wp\/v2\/opportunity"}],"about":[{"href":"https:\/\/crossboard.dev2.smartegy.ca\/fr\/wp-json\/wp\/v2\/types\/opportunity"}],"version-history":[{"count":1,"href":"https:\/\/crossboard.dev2.smartegy.ca\/fr\/wp-json\/wp\/v2\/opportunity\/14069\/revisions"}],"predecessor-version":[{"id":25508,"href":"https:\/\/crossboard.dev2.smartegy.ca\/fr\/wp-json\/wp\/v2\/opportunity\/14069\/revisions\/25508"}],"wp:attachment":[{"href":"https:\/\/crossboard.dev2.smartegy.ca\/fr\/wp-json\/wp\/v2\/media?parent=14069"}],"wp:term":[{"taxonomy":"opportunity-type","embeddable":true,"href":"https:\/\/crossboard.dev2.smartegy.ca\/fr\/wp-json\/wp\/v2\/opportunity-type?post=14069"},{"taxonomy":"language","embeddable":true,"href":"https:\/\/crossboard.dev2.smartegy.ca\/fr\/wp-json\/wp\/v2\/language?post=14069"},{"taxonomy":"country","embeddable":true,"href":"https:\/\/crossboard.dev2.smartegy.ca\/fr\/wp-json\/wp\/v2\/country?post=14069"},{"taxonomy":"field-of-work","embeddable":true,"href":"https:\/\/crossboard.dev2.smartegy.ca\/fr\/wp-json\/wp\/v2\/field-of-work?post=14069"}],"curies":[{"name":"wp","href":"https:\/\/api.w.org\/{rel}","templated":true}]}}

Conseiller-ère en communication et relations publiques

<p><strong><em>***POUR POSTULER : Être citoyen-ne canadien-ne ou résident-e permanent-e du Canada.</em></strong></p>
<p style="text-align: justify;"><strong>Carrefour International </strong>est une organisation de coopération internationale canadienne d’importance qui travaille pour faire avancer l’égalité pour les femmes et les filles et pour éliminer la pauvreté dans certains des pays les plus pauvres du monde en Afrique où les femmes et les filles sont confrontées à de grands défis : accès inégal aux ressources et aux opportunités économiques, violence basée sur le genre et participation limitée dans la vie politique et publique. Carrefour International travaille en partenariat avec des organisations locales dans 9 pays d’Afrique subsaharienne, afin de tirer parti des compétences, de l’expertise et des ressources, du Nord et du Sud, nécessaires pour permettre aux personnes, en particulier aux femmes et aux filles, de réduire la pauvreté et défendre leurs droits.</p>
<p style="text-align: justify;">Carrefour International est un organisme de bienfaisance enregistré et soutenu par des bailleurs de fonds gouvernementaux et non gouvernementaux et de nombreux donateurs individuels à travers le monde.</p>
<p style="text-align: justify;"><strong>NOTRE VISION</strong></p>
<p style="text-align: justify;">UN MONDE où la pauvreté est éliminée, l’égalité prévaut et les droits des femmes et des filles sont respectés.</p>
<p style="text-align: justify;"><strong>Description du projet et contexte </strong></p>
<p style="text-align: justify;">Le programme de coopération volontaire (VCP) 2020-2027 de Carrefour International intitulé « <em>Ensemble</em>, <em>Champions &amp; Championnes de l’Égalité des genres </em>», financé par Affaires mondiales Canada (AMC), mobilisera les canadien-ne-s, les parties prenantes canadiennes, le personnel et les volontaires de Carrefour, les organisations partenaires locales ainsi que les femmes, les hommes, les filles et les garçons en Afrique subsaharienne pour devenir champion-ne-s de l’égalité des genres. Collectivement, ces champion-ne-s de l’égalité des genres constituent une communauté mondiale d’agents du changement et de défenseurs de l’avancement de l’égalité des genres au Canada et en Afrique subsaharienne.</p>
<p style="text-align: justify;">Le projet vise à réduire les <strong>inégalités du genre et à réduire la pauvreté</strong> en s’attaquant à la <strong>violence basée sur le genre, aux inégalités d’accès aux ressources et aux opportunités économiques</strong>, et aux défis qui empêchent de <strong>prendre des décisions informées, de se faire entendre</strong>, à cause des relations de pouvoir inégales et discriminatoires ancrées dans nos sociétés.  Carrefour s’attaquera aux causes profondes des inégalités de genre et de la discrimination à travers une approche holistique multidimensionnelle dans le PCV qui fera la promotion 1) des droits des femmes ; 2) de l’accès à la justice et la réduction de la violence basée sur le genre (VBG), 3) une représentation égalitaire des femmes et des hommes, et 4) la réduction des inégalités qui limitent la capacité des femmes à participer et à bénéficier des activités économiques. Carrefour applique une approche fondée sur les droits à la programmation, qui s’étend à la promotion, à la protection et à la défense des droits des femmes, y compris le renforcement de la capacité des organisations de défense des droits des femmes à participer à la formulation des politiques et à influer sur celles-ci et à rendre des comptes à ceux qui ont le devoir d’agir.</p>
<p><strong>Description du partenaire </strong></p>
<p style="text-align: justify;">Le Centre Féminin pour la démocratie et les droits humains en Côte d’Ivoire (CEFCI) est une organisation dont la mission est de favoriser le leadership des filles, des adolescentes et des femmes en portant à leur connaissance leurs droits. Le CEFCI a été mis sur pied en 2003 pour répondre aux violations des droits des femmes constatées lors de la crise militaro-politique ivoirienne en 2002. Les grands axes de travail de l’organisation sont la promotion des droits des filles, des adolescentes et des femmes, la démocratie et la gouvernance, la paix et la sécurité, et la formation et le renforcement des capacités. Les projets du CEFCI se déploient sur toute l’étendue de la Côte d’Ivoire, mais particulièrement dans les villes d’Abidjan, de Niakara et d’Odienné.</p>
<p style="text-align: justify;">Les défis courants rencontrés par le CEFCI en matière de communication et relations publiques sont : (a) la consolidation des plans, documents et outils de communication, (b) une gestion cohérente de l’ensemble des parties prenantes intérieures et extérieures, et (c) le renforcement des pratiques en matière d’organisation d’évènements et de campagnes publiques. Les rôles, responsabilités et tâches se reflétant dans le mandat en communication et relations publiques sont assurées au sein de l’organisation par le directeur exécutif et la chargée de programmes.</p>
<p><strong>Principales responsabilités</strong></p>
<ul>
<li>Élaborer et mettre un œuvre un plan de communication pour le CEFCI;</li>
<li>Élaborer des maquettes de communication pour les documents stratégiques et administratifs internes et contribuer à la rédaction, à la mise en page et à la diffusion des dits documents;</li>
<li>Contribuer à la création et à la diffusion d’outils et de supports de communication multimédias;</li>
<li>Améliorer les pratiques de gestion et de mise à jour du site internet, des réseaux sociaux, et de l’infolettre;</li>
<li>Mettre à jour la liste de management des différentes parties prenantes, en particulier la liste afférente aux relations publiques et de presse;</li>
<li>Conceptualiser et mettre en œuvre une campagne annuelle de relations publiques;</li>
<li>Renforcer les actions de relations publiques et établir des liens avec le monde de la presse;</li>
<li>Renforcer les pratiques d’organisation d’évènements stratégiques internes et des activités d’information et de sensibilisation lors de journées internationales.</li>
</ul>
<p><strong>Expériences et compétences requises </strong></p>
<ul>
<li>Diplôme universitaire 1<sup>er</sup> cycle (ou équivalence) en communication et/ou relations publiques ou dans un domaine pertinent.</li>
<li>Deux (2) ans d’expérience professionnelle dans des fonctions similaires dans une organisation non gouvernementale;</li>
<li>Engagement en faveur de l’égalité des genres;</li>
<li>Connaissance et expérience des programmes internationaux pour faire progresser l’égalité et l’autonomie économique des femmes;</li>
<li>Bilinguisme français et anglais;</li>
<li>Forte capacité d’adaptation;</li>
<li>Compétences en résolution de conflits;</li>
<li>Compétences et attitudes interculturelles exceptionnelles, y compris la patience, la communication interculturelle, l’humilité, et le respect de l’expertise et de la culture du travail locale;</li>
<li>Une expérience professionnelle en développement international est un atout.</li>
</ul>
<p>&nbsp;</p>
<p><strong>Critères d’éligibilité</strong></p>
<ul>
<li><strong><em>***IMPORTANT: Être citoyen-ne canadien-ne ou résident-e permanent-e du Canada;</em></strong></li>
<li><strong><em>Avoir reçu deux doses d’un vaccin contre la COVID-19;</em></strong></li>
<li>Être disposé à mener des activités de collecte de fonds et d&rsquo;engagement du public avant, pendant et après le mandat;</li>
<li>Partager un engagement à <a href="https://cintl.org/wp-content/uploads/2019/11/Crossroads-Code-of-Conduct-Sexual-Violence-Approved-51019_111419-FR.pdf">prévenir, atténuer les risques et intervenir dans les cas de violence sexuelle;</a></li>
<li>Être déclaré en bonne santé physique et mentale (examen médical requis);</li>
<li>La personne volontaire doit apporter son ordinateur.</li>
<li>La personne volontaire doit être disponible pour participer à une formation pré-mandat en ligne qui se déroulera du 24 au 31 août 2022.</li>
</ul>
<p>Encadrement personnalisé avant, pendant et après le mandat réalisé par une équipe disponible et accueillante et prise en charge complète pendant votre séjour. <strong>L’expérience Carrefour inclut :</strong></p>
<ul>
<li>Allocation de subsistance (varie selon le pays d’affection);</li>
<li>Billet d&rsquo;avion et transport local;</li>
<li>Assurance médicale et vaccins;</li>
<li>Formation pré-mandat en ligne.</li>
</ul>
<p><em>Carrefour International s’est engagé à lutter contre la violence sexiste en soutenant le travail novateur de nos organisations partenaires pour </em><a href="https://www.international.gc.ca/world-monde/issues_development-enjeux_developpement/priorities-priorites/policy-politique.aspx?lang=fra"><em>mettre fin à la violence à l’égard des femmes et des filles</em></a>.</p>
<p><a href="https://international.gc.ca/world-monde/issues_development-enjeux_developpement/priorities-priorites/policy-politique.aspx?lang=fra">REJOIGNEZ LE MOUVEMENT!</a></p>
<p><strong>POUR POSTULER</strong></p>
<p><u>Pour poser votre candidature, nous vous demandons de bien vouloir remplir le formulaire de candidature en ligne de Carrefour.  Les candidatures seront examinées de manière continue. N’attendez pas pour soumettre la vôtre!</u></p>
<p>Veuillez contacter l’équipe de mobilisation des volontaires si vous avez des questions: <u><a href="mailto:volontaire@cintl.org">volontaire@cintl.org</a></u></p>
<p>Nous vous remercions de votre intérêt.  Veuillez noter que seules les personnes sélectionnées pour une entrevue seront contactées.</p>
