{"id":17929,"date":"2026-01-29T09:29:24","date_gmt":"2026-01-29T09:29:24","guid":{"rendered":"https:\/\/cintl.org\/?post_type=opportunity&#038;p=17929"},"modified":"2026-01-29T09:29:26","modified_gmt":"2026-01-29T09:29:26","slug":"conseiller-ere-en-gestion-de-projets","status":"publish","type":"opportunity","link":"https:\/\/crossboard.dev2.smartegy.ca\/fr\/opportunity\/conseiller-ere-en-gestion-de-projets\/","title":{"rendered":"Conseiller-\u00e8re en gestion de projets"},"content":{"rendered":"<p><strong>Principales responsabilit\u00e9s<\/strong><\/p>\n<ul>\n<li>Renforcer les capacit\u00e9s du personnel en gestion de projets et programmes \u00e0 travers des formations, des ateliers et un accompagnement personnalis\u00e9;<\/li>\n<li>Appuyer la conception et la mise en \u0153uvre de projets en fournissant des conseils techniques et m\u00e9thodologiques;<\/li>\n<li>Appuyer l&rsquo;\u00e9quipe dans l&rsquo;\u00e9laboration et mise en place des outils de suivi et d\u2019\u00e9valuation pour assurer un suivi efficace des projets et du plan strat\u00e9gique;<\/li>\n<li>Mentorer et coacher les \u00e9quipes dans le d\u00e9veloppement de projets, de la phase de conception \u00e0 la cl\u00f4ture;<\/li>\n<li>Contribuer \u00e0 l\u2019\u00e9laboration d\u2019une strat\u00e9gie de gestion de projets incluant des proc\u00e9dures claires pour la conception, la mise en \u0153uvre, le suivi et l\u2019\u00e9valuation.<\/li>\n<\/ul>\n<p style=\"text-align: justify;\"><strong>Description du projet et contexte\u00a0<\/strong><\/p>\n<p style=\"text-align: justify;\">Le programme de coop\u00e9ration volontaire (VCP) 2020-2027 de Carrefour International intitul\u00e9 \u00ab\u00a0<em>Ensemble<\/em>,\u00a0<em>Champions &amp; Championnes de l\u2019\u00c9galit\u00e9 des genres\u00a0<\/em>\u00bb, financ\u00e9 par Affaires mondiales Canada (AMC), mobilisera les canadien-ne-s, les parties prenantes canadiennes, le personnel et les volontaires de Carrefour, les organisations partenaires locales ainsi que les femmes, les hommes, les filles et les gar\u00e7ons en Afrique subsaharienne pour devenir champion-ne-s de l\u2019\u00e9galit\u00e9 des genres.<\/p>\n<p style=\"text-align: justify;\">Le projet vise \u00e0 r\u00e9duire les\u00a0<strong>in\u00e9galit\u00e9s de genre et \u00e0 r\u00e9duire la pauvret\u00e9<\/strong>\u00a0en s\u2019attaquant \u00e0 la\u00a0<strong>violence bas\u00e9e sur le genre, aux in\u00e9galit\u00e9s d\u2019acc\u00e8s aux ressources et aux opportunit\u00e9s \u00e9conomiques<\/strong>, et aux d\u00e9fis qui emp\u00eachent de\u00a0<strong>prendre des d\u00e9cisions inform\u00e9es, de se faire entendre<\/strong>, \u00e0 cause des relations de pouvoir in\u00e9gales et discriminatoires ancr\u00e9es dans nos soci\u00e9t\u00e9s.<\/p>\n<p><strong>Description du partenaire\u00a0<\/strong><\/p>\n<p style=\"text-align: justify;\">L&rsquo;Association des Juristes S\u00e9n\u00e9galaises est association \u00e0 but non lucratif investie dans le domaine de la promotion et de la vulgarisation des droits des femmes et des enfants depuis 1974. Ainsi, les programmes en cours de l\u2019AJS abordent une diversit\u00e9 de th\u00e9matiques, telles que : la vulgarisation du droit, l\u2019acc\u00e8s \u00e0 la justice pour tous, l\u2019acc\u00e8s au foncier pour les femmes et les jeunes, le respect de la loi sur la parit\u00e9, le renforcement du leadership des femmes \u00e9lues, la lutte contre la maltraitance et le trafic des enfants de la rue et en conflit avec la loi , la lutte contre la traite des personnes, la protection contre l\u2019exploitation sexuelle et globalement, l\u2019\u00e9limination des violences bas\u00e9es sur le genre, et, enfin la suppression du corpus juridique s\u00e9n\u00e9galais de toutes les dispositions discriminatoires \u00e0 l\u2019\u00e9gard des femmes.<\/p>\n<p>Les difficult\u00e9s organisationnelles rencontr\u00e9es incluent : une gestion de projet insuffisamment structur\u00e9e, des lacunes dans la gestion financi\u00e8re et le suivi-\u00e9valuation des projets.<\/p>\n<p><strong>Exp\u00e9riences et comp\u00e9tences requises<\/strong><\/p>\n<ul>\n<li>Dipl\u00f4me universitaire (ou l\u2019\u00e9quivalent) en gestion de projets, sciences sociales, relations internationales ou autre domaine pertinent;<\/li>\n<li>Au moins deux (2) ans d\u2019exp\u00e9rience en d\u00e9veloppement, gestion et suivi des projets;<\/li>\n<li>Exp\u00e9rience en conception d\u2019outils de gestion des projets;<\/li>\n<li>Exp\u00e9rience en formation\/mentorat sur la gestion des projets;<\/li>\n<li>Engagement en faveur de l\u2019\u00e9galit\u00e9 des genres;<\/li>\n<li>Esprit d\u2019\u00e9quipe et polyvalence;<\/li>\n<li data-leveltext=\"\uf0fc\" data-font=\"Wingdings\" data-listid=\"1\" data-list-defn-props=\"{&quot;335552541&quot;:1,&quot;335559684&quot;:-2,&quot;335559685&quot;:720,&quot;335559991&quot;:360,&quot;469769226&quot;:&quot;Wingdings&quot;,&quot;469769242&quot;:[8226],&quot;469777803&quot;:&quot;left&quot;,&quot;469777804&quot;:&quot;\uf0fc&quot;,&quot;469777815&quot;:&quot;hybridMultilevel&quot;}\" aria-setsize=\"-1\" data-aria-posinset=\"2\" data-aria-level=\"1\"><span data-contrast=\"auto\">Comp\u00e9tences organisationnelles, relationnelles et communicationnelles;<\/span><span data-ccp-props=\"{}\">\u00a0<\/span><\/li>\n<li>Forte capacit\u00e9 d\u2019adaptation;<\/li>\n<li>Comp\u00e9tences et attitudes interculturelles exceptionnelles, y compris la patience, la communication interculturelle, et le respect de l\u2019expertise et de la culture du travail locale;<\/li>\n<li>Une exp\u00e9rience pr\u00e9c\u00e9dente en Afrique et une compr\u00e9hension du contexte, de la r\u00e9alit\u00e9 et de la culture des pays sont consid\u00e9r\u00e9es comme un atout solide.<\/li>\n<\/ul>\n<p><strong>Crit\u00e8res d\u2019\u00e9ligibilit\u00e9<\/strong><\/p>\n<ul>\n<li><strong><em>***IMPORTANT: \u00catre citoyen-ne canadien-ne ou r\u00e9sident-e permanent-e du Canada;<\/em><\/strong><\/li>\n<li>\u00catre dispos\u00e9 \u00e0 mener des activit\u00e9s de collecte de fonds et d&rsquo;engagement du public avant, pendant et apr\u00e8s le mandat;<\/li>\n<li>Partager\u202fun engagement \u00e0\u202f<a href=\"https:\/\/cintl.org\/wp-content\/uploads\/2019\/11\/Crossroads-Code-of-Conduct-Sexual-Violence-Approved-51019_111419-FR.pdf\">pr\u00e9venir, att\u00e9nuer les risques et intervenir dans les cas de violence sexuelle;<\/a><\/li>\n<li>\u00catre d\u00e9clar\u00e9 en bonne sant\u00e9 physique et mentale (examen m\u00e9dical requis);<\/li>\n<li>La personne volontaire doit apporter son ordinateur.<\/li>\n<li>La personne volontaire doit \u00eatre disponible pour participer \u00e0 une formation pr\u00e9-mandat en ligne.<\/li>\n<\/ul>\n<p>Encadrement personnalis\u00e9 avant, pendant et apr\u00e8s le mandat r\u00e9alis\u00e9 par une \u00e9quipe disponible et accueillante et prise en charge compl\u00e8te pendant votre s\u00e9jour.\u00a0<strong>L\u2019exp\u00e9rience Carrefour inclut :<\/strong><\/p>\n<ul>\n<li>Allocation de subsistance (varie selon le pays d\u2019affection);<\/li>\n<li>Billet d&rsquo;avion ;<\/li>\n<li>Assurance m\u00e9dicale et vaccins;<\/li>\n<li>Formation pr\u00e9-mandat en ligne.<\/li>\n<\/ul>\n<p><em>Carrefour International s\u2019est engag\u00e9 \u00e0 lutter contre la violence sexiste en soutenant le travail novateur de nos organisations partenaires pour\u00a0<\/em><a href=\"https:\/\/www.international.gc.ca\/world-monde\/issues_development-enjeux_developpement\/priorities-priorites\/policy-politique.aspx?lang=fra\"><em>mettre fin \u00e0 la violence \u00e0 l\u2019\u00e9gard des femmes et des filles<\/em><\/a>.<\/p>\n<p><a href=\"https:\/\/international.gc.ca\/world-monde\/issues_development-enjeux_developpement\/priorities-priorites\/policy-politique.aspx?lang=fra\">REJOIGNEZ LE MOUVEMENT!<\/a><\/p>\n<p><strong>POUR POSTULER<\/strong><\/p>\n<p><u>Pour poser votre candidature, nous vous demandons de bien vouloir remplir le formulaire de candidature en ligne de Carrefour.<\/u>\u00a0Les candidatures seront examin\u00e9es de mani\u00e8re continue. N\u2019attendez pas pour soumettre la v\u00f4tre!<\/p>\n<p>Veuillez contacter l\u2019\u00e9quipe de mobilisation des volontaires si vous avez des questions:\u00a0<a href=\"mailto:volontaire@cintl.org\">volontaire@cintl.org<\/a><\/p>\n<p>Nous vous remercions de votre int\u00e9r\u00eat.\u00a0 Veuillez noter que seules les personnes s\u00e9lectionn\u00e9es pour une entrevue seront contact\u00e9es.<\/p>\n","protected":false},"featured_media":0,"menu_order":0,"template":"","opportunity-type":[],"language":[],"country":[],"field-of-work":[],"class_list":["post-17929","opportunity","type-opportunity","status-publish","hentry"],"acf":[],"_links":{"self":[{"href":"https:\/\/crossboard.dev2.smartegy.ca\/fr\/wp-json\/wp\/v2\/opportunity\/17929","targetHints":{"allow":["GET"]}}],"collection":[{"href":"https:\/\/crossboard.dev2.smartegy.ca\/fr\/wp-json\/wp\/v2\/opportunity"}],"about":[{"href":"https:\/\/crossboard.dev2.smartegy.ca\/fr\/wp-json\/wp\/v2\/types\/opportunity"}],"version-history":[{"count":1,"href":"https:\/\/crossboard.dev2.smartegy.ca\/fr\/wp-json\/wp\/v2\/opportunity\/17929\/revisions"}],"predecessor-version":[{"id":24993,"href":"https:\/\/crossboard.dev2.smartegy.ca\/fr\/wp-json\/wp\/v2\/opportunity\/17929\/revisions\/24993"}],"wp:attachment":[{"href":"https:\/\/crossboard.dev2.smartegy.ca\/fr\/wp-json\/wp\/v2\/media?parent=17929"}],"wp:term":[{"taxonomy":"opportunity-type","embeddable":true,"href":"https:\/\/crossboard.dev2.smartegy.ca\/fr\/wp-json\/wp\/v2\/opportunity-type?post=17929"},{"taxonomy":"language","embeddable":true,"href":"https:\/\/crossboard.dev2.smartegy.ca\/fr\/wp-json\/wp\/v2\/language?post=17929"},{"taxonomy":"country","embeddable":true,"href":"https:\/\/crossboard.dev2.smartegy.ca\/fr\/wp-json\/wp\/v2\/country?post=17929"},{"taxonomy":"field-of-work","embeddable":true,"href":"https:\/\/crossboard.dev2.smartegy.ca\/fr\/wp-json\/wp\/v2\/field-of-work?post=17929"}],"curies":[{"name":"wp","href":"https:\/\/api.w.org\/{rel}","templated":true}]}}

Conseiller-ère en gestion de projets

<p><strong>Principales responsabilités</strong></p>
<ul>
<li>Renforcer les capacités du personnel en gestion de projets et programmes à travers des formations, des ateliers et un accompagnement personnalisé;</li>
<li>Appuyer la conception et la mise en œuvre de projets en fournissant des conseils techniques et méthodologiques;</li>
<li>Appuyer l&rsquo;équipe dans l&rsquo;élaboration et mise en place des outils de suivi et d’évaluation pour assurer un suivi efficace des projets et du plan stratégique;</li>
<li>Mentorer et coacher les équipes dans le développement de projets, de la phase de conception à la clôture;</li>
<li>Contribuer à l’élaboration d’une stratégie de gestion de projets incluant des procédures claires pour la conception, la mise en œuvre, le suivi et l’évaluation.</li>
</ul>
<p style="text-align: justify;"><strong>Description du projet et contexte </strong></p>
<p style="text-align: justify;">Le programme de coopération volontaire (VCP) 2020-2027 de Carrefour International intitulé « <em>Ensemble</em>, <em>Champions &amp; Championnes de l’Égalité des genres </em>», financé par Affaires mondiales Canada (AMC), mobilisera les canadien-ne-s, les parties prenantes canadiennes, le personnel et les volontaires de Carrefour, les organisations partenaires locales ainsi que les femmes, les hommes, les filles et les garçons en Afrique subsaharienne pour devenir champion-ne-s de l’égalité des genres.</p>
<p style="text-align: justify;">Le projet vise à réduire les <strong>inégalités de genre et à réduire la pauvreté</strong> en s’attaquant à la <strong>violence basée sur le genre, aux inégalités d’accès aux ressources et aux opportunités économiques</strong>, et aux défis qui empêchent de <strong>prendre des décisions informées, de se faire entendre</strong>, à cause des relations de pouvoir inégales et discriminatoires ancrées dans nos sociétés.</p>
<p><strong>Description du partenaire </strong></p>
<p style="text-align: justify;">L&rsquo;Association des Juristes Sénégalaises est association à but non lucratif investie dans le domaine de la promotion et de la vulgarisation des droits des femmes et des enfants depuis 1974. Ainsi, les programmes en cours de l’AJS abordent une diversité de thématiques, telles que : la vulgarisation du droit, l’accès à la justice pour tous, l’accès au foncier pour les femmes et les jeunes, le respect de la loi sur la parité, le renforcement du leadership des femmes élues, la lutte contre la maltraitance et le trafic des enfants de la rue et en conflit avec la loi , la lutte contre la traite des personnes, la protection contre l’exploitation sexuelle et globalement, l’élimination des violences basées sur le genre, et, enfin la suppression du corpus juridique sénégalais de toutes les dispositions discriminatoires à l’égard des femmes.</p>
<p>Les difficultés organisationnelles rencontrées incluent : une gestion de projet insuffisamment structurée, des lacunes dans la gestion financière et le suivi-évaluation des projets.</p>
<p><strong>Expériences et compétences requises</strong></p>
<ul>
<li>Diplôme universitaire (ou l’équivalent) en gestion de projets, sciences sociales, relations internationales ou autre domaine pertinent;</li>
<li>Au moins deux (2) ans d’expérience en développement, gestion et suivi des projets;</li>
<li>Expérience en conception d’outils de gestion des projets;</li>
<li>Expérience en formation/mentorat sur la gestion des projets;</li>
<li>Engagement en faveur de l’égalité des genres;</li>
<li>Esprit d’équipe et polyvalence;</li>
<li data-leveltext="" data-font="Wingdings" data-listid="1" data-list-defn-props="{&quot;335552541&quot;:1,&quot;335559684&quot;:-2,&quot;335559685&quot;:720,&quot;335559991&quot;:360,&quot;469769226&quot;:&quot;Wingdings&quot;,&quot;469769242&quot;:[8226],&quot;469777803&quot;:&quot;left&quot;,&quot;469777804&quot;:&quot;&quot;,&quot;469777815&quot;:&quot;hybridMultilevel&quot;}" aria-setsize="-1" data-aria-posinset="2" data-aria-level="1"><span data-contrast="auto">Compétences organisationnelles, relationnelles et communicationnelles;</span><span data-ccp-props="{}"> </span></li>
<li>Forte capacité d’adaptation;</li>
<li>Compétences et attitudes interculturelles exceptionnelles, y compris la patience, la communication interculturelle, et le respect de l’expertise et de la culture du travail locale;</li>
<li>Une expérience précédente en Afrique et une compréhension du contexte, de la réalité et de la culture des pays sont considérées comme un atout solide.</li>
</ul>
<p><strong>Critères d’éligibilité</strong></p>
<ul>
<li><strong><em>***IMPORTANT: Être citoyen-ne canadien-ne ou résident-e permanent-e du Canada;</em></strong></li>
<li>Être disposé à mener des activités de collecte de fonds et d&rsquo;engagement du public avant, pendant et après le mandat;</li>
<li>Partager un engagement à <a href="https://cintl.org/wp-content/uploads/2019/11/Crossroads-Code-of-Conduct-Sexual-Violence-Approved-51019_111419-FR.pdf">prévenir, atténuer les risques et intervenir dans les cas de violence sexuelle;</a></li>
<li>Être déclaré en bonne santé physique et mentale (examen médical requis);</li>
<li>La personne volontaire doit apporter son ordinateur.</li>
<li>La personne volontaire doit être disponible pour participer à une formation pré-mandat en ligne.</li>
</ul>
<p>Encadrement personnalisé avant, pendant et après le mandat réalisé par une équipe disponible et accueillante et prise en charge complète pendant votre séjour. <strong>L’expérience Carrefour inclut :</strong></p>
<ul>
<li>Allocation de subsistance (varie selon le pays d’affection);</li>
<li>Billet d&rsquo;avion ;</li>
<li>Assurance médicale et vaccins;</li>
<li>Formation pré-mandat en ligne.</li>
</ul>
<p><em>Carrefour International s’est engagé à lutter contre la violence sexiste en soutenant le travail novateur de nos organisations partenaires pour </em><a href="https://www.international.gc.ca/world-monde/issues_development-enjeux_developpement/priorities-priorites/policy-politique.aspx?lang=fra"><em>mettre fin à la violence à l’égard des femmes et des filles</em></a>.</p>
<p><a href="https://international.gc.ca/world-monde/issues_development-enjeux_developpement/priorities-priorites/policy-politique.aspx?lang=fra">REJOIGNEZ LE MOUVEMENT!</a></p>
<p><strong>POUR POSTULER</strong></p>
<p><u>Pour poser votre candidature, nous vous demandons de bien vouloir remplir le formulaire de candidature en ligne de Carrefour.</u> Les candidatures seront examinées de manière continue. N’attendez pas pour soumettre la vôtre!</p>
<p>Veuillez contacter l’équipe de mobilisation des volontaires si vous avez des questions: <a href="mailto:volontaire@cintl.org">volontaire@cintl.org</a></p>
<p>Nous vous remercions de votre intérêt.  Veuillez noter que seules les personnes sélectionnées pour une entrevue seront contactées.</p>
