{"id":18146,"date":"2026-01-29T09:29:10","date_gmt":"2026-01-29T09:29:10","guid":{"rendered":"https:\/\/cintl.org\/?post_type=opportunity&#038;p=18146"},"modified":"2026-01-29T09:29:10","modified_gmt":"2026-01-29T09:29:10","slug":"conseiller-ere-en-gestion-des-ressources-humaines-2","status":"publish","type":"opportunity","link":"https:\/\/crossboard.dev2.smartegy.ca\/fr\/opportunity\/conseiller-ere-en-gestion-des-ressources-humaines-2\/","title":{"rendered":"Conseiller-\u00e8re en gestion des ressources humaines"},"content":{"rendered":"<div class=\"entry-content\">\n<p><span style=\"font-weight: bolder;\"><em>***POUR POSTULER\u00a0: \u00catre citoyen-ne canadien-ne ou r\u00e9sident-e permanent-e du Canada.<\/em><\/span><\/p>\n<p><span style=\"font-weight: bolder;\">Principales responsabilit\u00e9s\u00a0<\/span><\/p>\n<ul>\n<li>Appuyer l\u2019\u00e9quipe des RH dans la mise en \u0153uvre et la r\u00e9alisation de l&rsquo;ensemble des actes de gestion administrative et RH concernant la situation des salari\u00e9s (charges sociales\/d\u00e9clarations, recrutement, formation, gestion du temps, mouvements du personnel, paie, r\u00e9mun\u00e9ration, tableaux de bord RH, gestion du dialogue social, GPEC, gestion du syst\u00e8me d&rsquo;information des RH&#8230;);<\/li>\n<li>\u00c9laborer ou mettre \u00e0 jour les strat\u00e9gies organisationnelles de gestion des RH;<\/li>\n<li>Contribuer \u00e0 l\u2019actualisation des outils de gestion des RH;<\/li>\n<li><!--StartFragment --><span class=\"cf0\">Organiser des rencontres de validation et des formations sur l&rsquo;utilisation des outils et l&rsquo;appropriation des bonnes pratiques en gestion des RH.\u00a0<\/span><!--EndFragment --><\/li>\n<\/ul>\n<p><span style=\"font-weight: bolder;\">Description du projet et contexte\u00a0<\/span><\/p>\n<p style=\"text-align: justify;\">Le programme de coop\u00e9ration volontaire (VCP) 2020-2027 de Carrefour International intitul\u00e9 \u00ab\u00a0<em>Ensemble<\/em>,\u00a0<em>Champions &amp; Championnes de l\u2019\u00c9galit\u00e9 des genres\u00a0<\/em>\u00bb, financ\u00e9 par Affaires mondiales Canada (AMC), mobilisera les canadien-ne-s, les parties prenantes canadiennes, le personnel et les volontaires de Carrefour, les organisations partenaires locales ainsi que les femmes, les hommes, les filles et les gar\u00e7ons en Afrique subsaharienne pour devenir champion-ne-s de l\u2019\u00e9galit\u00e9 des genres.<\/p>\n<p style=\"text-align: justify;\">Le projet vise \u00e0 r\u00e9duire les\u00a0<span style=\"font-weight: bolder;\">in\u00e9galit\u00e9s de genre et \u00e0 r\u00e9duire la pauvret\u00e9<\/span>\u00a0en s\u2019attaquant \u00e0 la\u00a0<span style=\"font-weight: bolder;\">violence bas\u00e9e sur le genre, aux in\u00e9galit\u00e9s d\u2019acc\u00e8s aux ressources et aux opportunit\u00e9s \u00e9conomiques<\/span>, et aux d\u00e9fis qui emp\u00eachent de\u00a0<span style=\"font-weight: bolder;\">prendre des d\u00e9cisions inform\u00e9es, de se faire entendre<\/span>, \u00e0 cause des relations de pouvoir in\u00e9gales et discriminatoires ancr\u00e9es dans nos soci\u00e9t\u00e9s.<\/p>\n<p><span style=\"font-weight: bolder;\">Description du partenaire\u00a0<\/span><\/p>\n<p style=\"text-align: justify;\">G\u00e9n\u00e9ration Femmes du 3<span style=\"position: relative; font-size: 15px; line-height: 0; vertical-align: baseline; top: -0.5em;\">\u00e8me<\/span>\u00a0Mill\u00e9naire (GFM3) est une organisation dont la mission est d\u2019assurer le d\u00e9veloppement \u00e9conomique et social des femmes en particulier dans les zones rurales et p\u00e9riurbaines de la C\u00f4te d\u2019Ivoire. GFM3 a \u00e9t\u00e9 mis sur pied en 2004 pour r\u00e9pondre aux violations des droits des femmes constat\u00e9es lors de la crise militaro-politique ivoirienne en 2002, particuli\u00e8rement \u00e0 l\u2019Ouest du pays. Les grands axes de travail de l\u2019organisation sont l\u2019\u00e9ducation pour tous, la sant\u00e9 de la m\u00e8re et de l\u2019enfant, l\u2019\u00e9galit\u00e9 de genre le droit des femmes et la s\u00e9curit\u00e9 alimentaire et environnementale. Les projets du GFM3 se d\u00e9ploient sur toute l\u2019\u00e9tendue de la C\u00f4te d\u2019Ivoire, mais particuli\u00e8rement dans les villes telles que Logoual\u00e9, Bondoukou et Daloa.<\/p>\n<p><span style=\"font-weight: bolder;\">Exp\u00e9riences et comp\u00e9tences requises<\/span><\/p>\n<ul>\n<li>Dipl\u00f4me universitaire en gestion des ressources humaines, droit et gestion du personnel, relations industrielles ou autres domaines connexes.<\/li>\n<li>Minimum 2 ans d\u2019exp\u00e9rience professionnelle dans le domaine des ressources humaines;<\/li>\n<li>Faire preuve d\u2019int\u00e9grit\u00e9 et savoir agir selon l\u2019\u00e9thique;<\/li>\n<li>Faire preuve de rigueur et d&rsquo;organisation;<\/li>\n<li>Faire preuve de r\u00e9activit\u00e9;<\/li>\n<li>Maitrise de la suite Office;<\/li>\n<li>Avoir \u00e0 c\u0153ur la question de l\u2019\u00e9galit\u00e9 des genres;<\/li>\n<li>Forte capacit\u00e9 d\u2019adaptation;<\/li>\n<li>Comp\u00e9tences et attitudes interculturelles exceptionnelles, y compris la patience, la communication interculturelle, et le respect de l\u2019expertise et de la culture du travail locale;<\/li>\n<li>Une exp\u00e9rience pr\u00e9c\u00e9dente en Afrique et une compr\u00e9hension du contexte, de la r\u00e9alit\u00e9 et de la culture des pays sont consid\u00e9r\u00e9es comme un atout solide.<\/li>\n<\/ul>\n<p><span style=\"font-weight: bolder;\">Crit\u00e8res d\u2019\u00e9ligibilit\u00e9<\/span><span data-ccp-props=\"{&quot;201341983&quot;:0,&quot;335559739&quot;:160,&quot;335559740&quot;:259}\">\u00a0<\/span><\/p>\n<ul>\n<li><span style=\"font-weight: bolder;\"><i>***IMPORTANT:<\/i><\/span><span style=\"font-weight: bolder;\"><i>\u00a0\u00catre citoyen-ne canadien-ne ou r\u00e9sident-e permanent-e du Canada;<\/i><\/span><span data-ccp-props=\"{&quot;201341983&quot;:0,&quot;335559739&quot;:160,&quot;335559740&quot;:259}\">\u00a0<\/span><\/li>\n<li><span style=\"font-weight: bolder;\"><em>Avoir re\u00e7u deux doses d\u2019un vaccin contre la COVID-19;<\/em><\/span><\/li>\n<li><span data-contrast=\"none\">\u00catre dispos\u00e9 \u00e0 mener des activit\u00e9s de collecte de fonds et d\u2019engagement du public avant, pendant et apr\u00e8s le mandat;<\/span><span data-ccp-props=\"{&quot;201341983&quot;:0,&quot;335559739&quot;:160,&quot;335559740&quot;:259}\">\u00a0<\/span><\/li>\n<li><span data-contrast=\"none\">Partager\u202f un engagement \u00e0\u202f<\/span><a href=\"https:\/\/cintl.org\/wp-content\/uploads\/2019\/11\/Crossroads-Code-of-Conduct-Sexual-Violence-Approved-51019_111419-FR.pdf\">pr\u00e9venir, att\u00e9nuer les risques et intervenir dans les cas de violence sexuelle;<\/a><span data-ccp-props=\"{&quot;201341983&quot;:0,&quot;335559739&quot;:160,&quot;335559740&quot;:259}\">\u00a0<\/span><\/li>\n<li><span data-contrast=\"none\">\u00catre d\u00e9clar\u00e9 en bonne sant\u00e9 physique et mentale (examen m\u00e9dical requis);<\/span><span data-ccp-props=\"{&quot;201341983&quot;:0,&quot;335559739&quot;:160,&quot;335559740&quot;:259}\">\u00a0<\/span><\/li>\n<li><span data-contrast=\"none\">La personne volontaire doit apporter son ordinateur.<\/span><span data-ccp-props=\"{&quot;201341983&quot;:0,&quot;335559739&quot;:160,&quot;335559740&quot;:259}\">\u00a0<\/span><\/li>\n<li><span data-contrast=\"none\">La personne volontaire doit \u00eatre disponible pour participer \u00e0 une formation pr\u00e9-mandat en ligne.\u00a0<\/span><span data-ccp-props=\"{&quot;201341983&quot;:0,&quot;335559739&quot;:160,&quot;335559740&quot;:259}\">\u00a0<\/span><\/li>\n<\/ul>\n<p><span data-contrast=\"none\">Encadrement personnalis\u00e9 avant, pendant et apr\u00e8s le mandat r\u00e9alis\u00e9 par une \u00e9quipe disponible et accueillante et prise en charge compl\u00e8te pendant votre s\u00e9jour.<\/span><span style=\"font-weight: bolder;\">\u00a0L\u2019exp\u00e9rience Carrefour inclut :<\/span><span data-ccp-props=\"{&quot;201341983&quot;:0,&quot;335559739&quot;:160,&quot;335559740&quot;:259}\">\u00a0<\/span><\/p>\n<ul>\n<li><span data-contrast=\"none\">Allocation de subsistance (varie selon le pays d\u2019affection);<\/span><span data-ccp-props=\"{&quot;201341983&quot;:0,&quot;335559739&quot;:160,&quot;335559740&quot;:259}\">\u00a0<\/span><\/li>\n<li><span data-contrast=\"none\">Billet d\u2019avion aller-retour;<\/span><span data-ccp-props=\"{&quot;201341983&quot;:0,&quot;335559739&quot;:160,&quot;335559740&quot;:259}\">\u00a0<\/span><\/li>\n<li><span data-contrast=\"none\">Assurance m\u00e9dicale et vaccins;<\/span><span data-ccp-props=\"{&quot;201341983&quot;:0,&quot;335559739&quot;:160,&quot;335559740&quot;:259}\">\u00a0<\/span><\/li>\n<li><span data-contrast=\"none\">Formation pr\u00e9-mandat en ligne.<\/span><span data-ccp-props=\"{&quot;201341983&quot;:0,&quot;335559739&quot;:160,&quot;335559740&quot;:259}\">\u00a0<\/span><\/li>\n<\/ul>\n<p><i>Carrefour International s\u2019est engag\u00e9 \u00e0 lutter contre la violence sexiste en soutenant le travail novateur de nos organisations partenaires pour\u00a0<\/i><a href=\"https:\/\/www.international.gc.ca\/world-monde\/issues_development-enjeux_developpement\/priorities-priorites\/policy-politique.aspx?lang=fra\"><i>mettre fin \u00e0 la violence \u00e0 l\u2019\u00e9gard des femmes et des filles<\/i><\/a><span data-contrast=\"auto\">.<\/span><\/p>\n<p><a href=\"https:\/\/international.gc.ca\/world-monde\/issues_development-enjeux_developpement\/priorities-priorites\/policy-politique.aspx?lang=fra\">REJOIGNEZ LE MOUVEMENT!<\/a><span data-ccp-props=\"{&quot;201341983&quot;:0,&quot;335559739&quot;:160,&quot;335559740&quot;:259}\">\u00a0<\/span><\/p>\n<p><span style=\"font-weight: bolder;\">POUR POSTULER<\/span><span data-ccp-props=\"{&quot;201341983&quot;:0,&quot;335559739&quot;:160,&quot;335559740&quot;:259}\">\u00a0<\/span><\/p>\n<p><u>Pour poser votre candidature, nous vous demandons de bien vouloir remplir le formulaire de candidature en ligne de Carrefour.<\/u>\u00a0Les candidatures seront examin\u00e9es de mani\u00e8re continue. N\u2019attendez pas pour soumettre la v\u00f4tre!<\/p>\n<p><span data-contrast=\"auto\">Veuillez contacter l\u2019\u00e9quipe de mobilisation des volontaires si vous avez des questions:\u00a0<\/span><a href=\"mailto:volontaire@cintl.org\">volontaire@cintl.org<\/a><span data-ccp-props=\"{&quot;201341983&quot;:0,&quot;335559739&quot;:160,&quot;335559740&quot;:259}\">\u00a0<\/span><\/p>\n<p><span data-contrast=\"auto\">Nous vous remercions de votre int\u00e9r\u00eat.\u00a0 Veuillez noter que seules les personnes s\u00e9lectionn\u00e9es pour une entrevue seront contact\u00e9es.<\/span><span data-ccp-props=\"{&quot;201341983&quot;:0,&quot;335559739&quot;:160,&quot;335559740&quot;:259}\">\u00a0<\/span><\/p>\n<\/div>\n","protected":false},"featured_media":0,"menu_order":0,"template":"","opportunity-type":[],"language":[],"country":[],"field-of-work":[],"class_list":["post-18146","opportunity","type-opportunity","status-publish","hentry"],"acf":[],"_links":{"self":[{"href":"https:\/\/crossboard.dev2.smartegy.ca\/fr\/wp-json\/wp\/v2\/opportunity\/18146","targetHints":{"allow":["GET"]}}],"collection":[{"href":"https:\/\/crossboard.dev2.smartegy.ca\/fr\/wp-json\/wp\/v2\/opportunity"}],"about":[{"href":"https:\/\/crossboard.dev2.smartegy.ca\/fr\/wp-json\/wp\/v2\/types\/opportunity"}],"version-history":[{"count":3,"href":"https:\/\/crossboard.dev2.smartegy.ca\/fr\/wp-json\/wp\/v2\/opportunity\/18146\/revisions"}],"predecessor-version":[{"id":25873,"href":"https:\/\/crossboard.dev2.smartegy.ca\/fr\/wp-json\/wp\/v2\/opportunity\/18146\/revisions\/25873"}],"wp:attachment":[{"href":"https:\/\/crossboard.dev2.smartegy.ca\/fr\/wp-json\/wp\/v2\/media?parent=18146"}],"wp:term":[{"taxonomy":"opportunity-type","embeddable":true,"href":"https:\/\/crossboard.dev2.smartegy.ca\/fr\/wp-json\/wp\/v2\/opportunity-type?post=18146"},{"taxonomy":"language","embeddable":true,"href":"https:\/\/crossboard.dev2.smartegy.ca\/fr\/wp-json\/wp\/v2\/language?post=18146"},{"taxonomy":"country","embeddable":true,"href":"https:\/\/crossboard.dev2.smartegy.ca\/fr\/wp-json\/wp\/v2\/country?post=18146"},{"taxonomy":"field-of-work","embeddable":true,"href":"https:\/\/crossboard.dev2.smartegy.ca\/fr\/wp-json\/wp\/v2\/field-of-work?post=18146"}],"curies":[{"name":"wp","href":"https:\/\/api.w.org\/{rel}","templated":true}]}}

Conseiller-ère en gestion des ressources humaines

<div class="entry-content">
<p><span style="font-weight: bolder;"><em>***POUR POSTULER : Être citoyen-ne canadien-ne ou résident-e permanent-e du Canada.</em></span></p>
<p><span style="font-weight: bolder;">Principales responsabilités </span></p>
<ul>
<li>Appuyer l’équipe des RH dans la mise en œuvre et la réalisation de l&rsquo;ensemble des actes de gestion administrative et RH concernant la situation des salariés (charges sociales/déclarations, recrutement, formation, gestion du temps, mouvements du personnel, paie, rémunération, tableaux de bord RH, gestion du dialogue social, GPEC, gestion du système d&rsquo;information des RH&#8230;);</li>
<li>Élaborer ou mettre à jour les stratégies organisationnelles de gestion des RH;</li>
<li>Contribuer à l’actualisation des outils de gestion des RH;</li>
<li><!--StartFragment --><span class="cf0">Organiser des rencontres de validation et des formations sur l&rsquo;utilisation des outils et l&rsquo;appropriation des bonnes pratiques en gestion des RH. </span><!--EndFragment --></li>
</ul>
<p><span style="font-weight: bolder;">Description du projet et contexte </span></p>
<p style="text-align: justify;">Le programme de coopération volontaire (VCP) 2020-2027 de Carrefour International intitulé « <em>Ensemble</em>, <em>Champions &amp; Championnes de l’Égalité des genres </em>», financé par Affaires mondiales Canada (AMC), mobilisera les canadien-ne-s, les parties prenantes canadiennes, le personnel et les volontaires de Carrefour, les organisations partenaires locales ainsi que les femmes, les hommes, les filles et les garçons en Afrique subsaharienne pour devenir champion-ne-s de l’égalité des genres.</p>
<p style="text-align: justify;">Le projet vise à réduire les <span style="font-weight: bolder;">inégalités de genre et à réduire la pauvreté</span> en s’attaquant à la <span style="font-weight: bolder;">violence basée sur le genre, aux inégalités d’accès aux ressources et aux opportunités économiques</span>, et aux défis qui empêchent de <span style="font-weight: bolder;">prendre des décisions informées, de se faire entendre</span>, à cause des relations de pouvoir inégales et discriminatoires ancrées dans nos sociétés.</p>
<p><span style="font-weight: bolder;">Description du partenaire </span></p>
<p style="text-align: justify;">Génération Femmes du 3<span style="position: relative; font-size: 15px; line-height: 0; vertical-align: baseline; top: -0.5em;">ème</span> Millénaire (GFM3) est une organisation dont la mission est d’assurer le développement économique et social des femmes en particulier dans les zones rurales et périurbaines de la Côte d’Ivoire. GFM3 a été mis sur pied en 2004 pour répondre aux violations des droits des femmes constatées lors de la crise militaro-politique ivoirienne en 2002, particulièrement à l’Ouest du pays. Les grands axes de travail de l’organisation sont l’éducation pour tous, la santé de la mère et de l’enfant, l’égalité de genre le droit des femmes et la sécurité alimentaire et environnementale. Les projets du GFM3 se déploient sur toute l’étendue de la Côte d’Ivoire, mais particulièrement dans les villes telles que Logoualé, Bondoukou et Daloa.</p>
<p><span style="font-weight: bolder;">Expériences et compétences requises</span></p>
<ul>
<li>Diplôme universitaire en gestion des ressources humaines, droit et gestion du personnel, relations industrielles ou autres domaines connexes.</li>
<li>Minimum 2 ans d’expérience professionnelle dans le domaine des ressources humaines;</li>
<li>Faire preuve d’intégrité et savoir agir selon l’éthique;</li>
<li>Faire preuve de rigueur et d&rsquo;organisation;</li>
<li>Faire preuve de réactivité;</li>
<li>Maitrise de la suite Office;</li>
<li>Avoir à cœur la question de l’égalité des genres;</li>
<li>Forte capacité d’adaptation;</li>
<li>Compétences et attitudes interculturelles exceptionnelles, y compris la patience, la communication interculturelle, et le respect de l’expertise et de la culture du travail locale;</li>
<li>Une expérience précédente en Afrique et une compréhension du contexte, de la réalité et de la culture des pays sont considérées comme un atout solide.</li>
</ul>
<p><span style="font-weight: bolder;">Critères d’éligibilité</span><span data-ccp-props="{&quot;201341983&quot;:0,&quot;335559739&quot;:160,&quot;335559740&quot;:259}"> </span></p>
<ul>
<li><span style="font-weight: bolder;"><i>***IMPORTANT:</i></span><span style="font-weight: bolder;"><i> Être citoyen-ne canadien-ne ou résident-e permanent-e du Canada;</i></span><span data-ccp-props="{&quot;201341983&quot;:0,&quot;335559739&quot;:160,&quot;335559740&quot;:259}"> </span></li>
<li><span style="font-weight: bolder;"><em>Avoir reçu deux doses d’un vaccin contre la COVID-19;</em></span></li>
<li><span data-contrast="none">Être disposé à mener des activités de collecte de fonds et d’engagement du public avant, pendant et après le mandat;</span><span data-ccp-props="{&quot;201341983&quot;:0,&quot;335559739&quot;:160,&quot;335559740&quot;:259}"> </span></li>
<li><span data-contrast="none">Partager  un engagement à </span><a href="https://cintl.org/wp-content/uploads/2019/11/Crossroads-Code-of-Conduct-Sexual-Violence-Approved-51019_111419-FR.pdf">prévenir, atténuer les risques et intervenir dans les cas de violence sexuelle;</a><span data-ccp-props="{&quot;201341983&quot;:0,&quot;335559739&quot;:160,&quot;335559740&quot;:259}"> </span></li>
<li><span data-contrast="none">Être déclaré en bonne santé physique et mentale (examen médical requis);</span><span data-ccp-props="{&quot;201341983&quot;:0,&quot;335559739&quot;:160,&quot;335559740&quot;:259}"> </span></li>
<li><span data-contrast="none">La personne volontaire doit apporter son ordinateur.</span><span data-ccp-props="{&quot;201341983&quot;:0,&quot;335559739&quot;:160,&quot;335559740&quot;:259}"> </span></li>
<li><span data-contrast="none">La personne volontaire doit être disponible pour participer à une formation pré-mandat en ligne. </span><span data-ccp-props="{&quot;201341983&quot;:0,&quot;335559739&quot;:160,&quot;335559740&quot;:259}"> </span></li>
</ul>
<p><span data-contrast="none">Encadrement personnalisé avant, pendant et après le mandat réalisé par une équipe disponible et accueillante et prise en charge complète pendant votre séjour.</span><span style="font-weight: bolder;"> L’expérience Carrefour inclut :</span><span data-ccp-props="{&quot;201341983&quot;:0,&quot;335559739&quot;:160,&quot;335559740&quot;:259}"> </span></p>
<ul>
<li><span data-contrast="none">Allocation de subsistance (varie selon le pays d’affection);</span><span data-ccp-props="{&quot;201341983&quot;:0,&quot;335559739&quot;:160,&quot;335559740&quot;:259}"> </span></li>
<li><span data-contrast="none">Billet d’avion aller-retour;</span><span data-ccp-props="{&quot;201341983&quot;:0,&quot;335559739&quot;:160,&quot;335559740&quot;:259}"> </span></li>
<li><span data-contrast="none">Assurance médicale et vaccins;</span><span data-ccp-props="{&quot;201341983&quot;:0,&quot;335559739&quot;:160,&quot;335559740&quot;:259}"> </span></li>
<li><span data-contrast="none">Formation pré-mandat en ligne.</span><span data-ccp-props="{&quot;201341983&quot;:0,&quot;335559739&quot;:160,&quot;335559740&quot;:259}"> </span></li>
</ul>
<p><i>Carrefour International s’est engagé à lutter contre la violence sexiste en soutenant le travail novateur de nos organisations partenaires pour </i><a href="https://www.international.gc.ca/world-monde/issues_development-enjeux_developpement/priorities-priorites/policy-politique.aspx?lang=fra"><i>mettre fin à la violence à l’égard des femmes et des filles</i></a><span data-contrast="auto">.</span></p>
<p><a href="https://international.gc.ca/world-monde/issues_development-enjeux_developpement/priorities-priorites/policy-politique.aspx?lang=fra">REJOIGNEZ LE MOUVEMENT!</a><span data-ccp-props="{&quot;201341983&quot;:0,&quot;335559739&quot;:160,&quot;335559740&quot;:259}"> </span></p>
<p><span style="font-weight: bolder;">POUR POSTULER</span><span data-ccp-props="{&quot;201341983&quot;:0,&quot;335559739&quot;:160,&quot;335559740&quot;:259}"> </span></p>
<p><u>Pour poser votre candidature, nous vous demandons de bien vouloir remplir le formulaire de candidature en ligne de Carrefour.</u> Les candidatures seront examinées de manière continue. N’attendez pas pour soumettre la vôtre!</p>
<p><span data-contrast="auto">Veuillez contacter l’équipe de mobilisation des volontaires si vous avez des questions: </span><a href="mailto:volontaire@cintl.org">volontaire@cintl.org</a><span data-ccp-props="{&quot;201341983&quot;:0,&quot;335559739&quot;:160,&quot;335559740&quot;:259}"> </span></p>
<p><span data-contrast="auto">Nous vous remercions de votre intérêt.  Veuillez noter que seules les personnes sélectionnées pour une entrevue seront contactées.</span><span data-ccp-props="{&quot;201341983&quot;:0,&quot;335559739&quot;:160,&quot;335559740&quot;:259}"> </span></p>
</div>
